Last updated on 2024-07-13 11:49:15 CEST.
Flavor | Version | Tinstall | Tcheck | Ttotal | Status | Flags |
---|---|---|---|---|---|---|
r-devel-linux-x86_64-debian-clang | 0.2.4 | 158.18 | 51.74 | 209.92 | NOTE | |
r-devel-linux-x86_64-debian-gcc | 0.2.4 | 109.48 | 39.02 | 148.50 | NOTE | |
r-devel-linux-x86_64-fedora-clang | 0.2.4 | 324.40 | NOTE | |||
r-devel-linux-x86_64-fedora-gcc | 0.2.4 | 314.15 | NOTE | |||
r-devel-windows-x86_64 | 0.2.4 | 144.00 | 81.00 | 225.00 | NOTE | |
r-patched-linux-x86_64 | 0.2.4 | 137.06 | 49.65 | 186.71 | OK | |
r-release-linux-x86_64 | 0.2.4 | 123.28 | 49.81 | 173.09 | OK | |
r-release-macos-arm64 | 0.2.4 | 60.00 | OK | |||
r-release-macos-x86_64 | 0.2.4 | 58.00 | OK | |||
r-release-windows-x86_64 | 0.2.4 | 147.00 | 81.00 | 228.00 | OK | |
r-oldrel-macos-arm64 | 0.2.4 | 69.00 | OK | |||
r-oldrel-macos-x86_64 | 0.2.4 | 77.00 | OK | |||
r-oldrel-windows-x86_64 | 0.2.4 | 182.00 | 95.00 | 277.00 | OK |
Version: 0.2.4
Check: compiled code
Result: NOTE
File ‘hipread/libs/hipread.so’:
Found non-API calls to R: ‘SETLENGTH’, ‘SET_TRUELENGTH’
Compiled code should not call non-API entry points in R.
See ‘Writing portable packages’ in the ‘Writing R Extensions’ manual,
and section ‘Moving into C API compliance’ for issues with the use of
non-API entry points.
Flavors: r-devel-linux-x86_64-debian-clang, r-devel-linux-x86_64-debian-gcc, r-devel-linux-x86_64-fedora-clang, r-devel-linux-x86_64-fedora-gcc
Version: 0.2.4
Check: compiled code
Result: NOTE
File 'hipread/libs/x64/hipread.dll':
Found non-API calls to R: 'SETLENGTH', 'SET_TRUELENGTH'
Compiled code should not call non-API entry points in R.
See 'Writing portable packages' in the 'Writing R Extensions' manual,
and section 'Moving into C API compliance' for issues with the use of
non-API entry points.
Flavor: r-devel-windows-x86_64