Last updated on 2024-06-27 16:49:06 CEST.
Flavor | Version | Tinstall | Tcheck | Ttotal | Status | Flags |
---|---|---|---|---|---|---|
r-devel-linux-x86_64-debian-clang | 1.3.10 | NOTE | ||||
r-devel-linux-x86_64-debian-gcc | 1.3.10 | 50.00 | 106.67 | 156.67 | NOTE | |
r-devel-linux-x86_64-fedora-clang | 1.3.10 | 266.07 | NOTE | |||
r-devel-linux-x86_64-fedora-gcc | 1.3.10 | 289.00 | NOTE | |||
r-devel-windows-x86_64 | 1.3.10 | 64.00 | 154.00 | 218.00 | NOTE | |
r-patched-linux-x86_64 | 1.3.10 | 61.21 | 143.03 | 204.24 | OK | |
r-release-linux-x86_64 | 1.3.10 | 59.69 | 143.36 | 203.05 | OK | |
r-release-macos-arm64 | 1.3.10 | 81.00 | NOTE | |||
r-release-macos-x86_64 | 1.3.10 | 156.00 | NOTE | |||
r-release-windows-x86_64 | 1.3.10 | 64.00 | 157.00 | 221.00 | NOTE | |
r-oldrel-macos-arm64 | 1.3.10 | 89.00 | NOTE | |||
r-oldrel-macos-x86_64 | 1.3.10 | 185.00 | NOTE | |||
r-oldrel-windows-x86_64 | 1.3.10 | 79.00 | 192.00 | 271.00 | NOTE |
Version: 1.3.10
Check: compiled code
Result: NOTE
File ‘hdf5r/libs/hdf5r.so’:
Found non-API calls to R: ‘SETLENGTH’, ‘SET_TYPEOF’, ‘STRING_PTR’,
‘VECTOR_PTR’
Compiled code should not call non-API entry points in R.
See ‘Writing portable packages’ in the ‘Writing R Extensions’ manual.
Flavors: r-devel-linux-x86_64-debian-clang, r-devel-linux-x86_64-fedora-clang, r-devel-linux-x86_64-fedora-gcc
Version: 1.3.10
Check: compiled code
Result: NOTE
File ‘hdf5r/libs/hdf5r.so’:
Found non-API calls to R: ‘SETLENGTH’, ‘SET_TYPEOF’, ‘STRING_PTR’,
‘VECTOR_PTR’
Compiled code should not call non-API entry points in R.
See ‘Writing portable packages’ in the ‘Writing R Extensions’ manual.
See section ‘Moving into C API compliance’ in the ‘Writing R
Extensions’ manual for issues with use of non-API entry points.
Flavor: r-devel-linux-x86_64-debian-gcc
Version: 1.3.10
Check: installed package size
Result: NOTE
installed size is 7.1Mb
sub-directories of 1Mb or more:
libs 4.5Mb
Flavors: r-devel-windows-x86_64, r-release-macos-arm64, r-release-macos-x86_64, r-release-windows-x86_64, r-oldrel-macos-arm64, r-oldrel-macos-x86_64, r-oldrel-windows-x86_64
Version: 1.3.10
Check: compiled code
Result: NOTE
File 'hdf5r/libs/x64/hdf5r.dll':
Found non-API calls to R: 'SETLENGTH', 'SET_TYPEOF', 'STRING_PTR',
'VECTOR_PTR'
Compiled code should not call non-API entry points in R.
See 'Writing portable packages' in the 'Writing R Extensions' manual.
Flavor: r-devel-windows-x86_64