Last updated on 2024-06-27 16:49:06 CEST.
Flavor | Version | Tinstall | Tcheck | Ttotal | Status | Flags |
---|---|---|---|---|---|---|
r-devel-linux-x86_64-debian-clang | 2.3.1 | NOTE | ||||
r-devel-linux-x86_64-debian-gcc | 2.3.1 | 1328.62 | 239.79 | 1568.41 | NOTE | |
r-devel-linux-x86_64-fedora-clang | 2.3.1 | 2177.28 | NOTE | |||
r-devel-linux-x86_64-fedora-gcc | 2.3.1 | 3300.49 | NOTE | |||
r-devel-windows-x86_64 | 2.3.1 | 1150.00 | 249.00 | 1399.00 | NOTE | |
r-patched-linux-x86_64 | 2.3.1 | 1096.48 | 318.49 | 1414.97 | NOTE | |
r-release-linux-x86_64 | 2.3.1 | 1207.91 | 320.43 | 1528.34 | NOTE | |
r-release-macos-arm64 | 2.3.1 | 631.00 | NOTE | |||
r-release-macos-x86_64 | 2.3.1 | 548.00 | NOTE | |||
r-release-windows-x86_64 | 2.3.1 | 1147.00 | 261.00 | 1408.00 | NOTE | |
r-oldrel-macos-arm64 | 2.3.1 | 568.00 | NOTE | |||
r-oldrel-macos-x86_64 | 2.3.1 | 528.00 | NOTE | |||
r-oldrel-windows-x86_64 | 2.3.1 | 1507.00 | 324.00 | 1831.00 | NOTE |
Version: 2.3.1
Check: for GNU extensions in Makefiles
Result: NOTE
GNU make is a SystemRequirements.
Flavors: r-devel-linux-x86_64-debian-clang, r-devel-linux-x86_64-debian-gcc, r-devel-linux-x86_64-fedora-clang, r-devel-linux-x86_64-fedora-gcc, r-devel-windows-x86_64, r-patched-linux-x86_64, r-release-linux-x86_64, r-release-macos-arm64, r-release-macos-x86_64, r-release-windows-x86_64, r-oldrel-macos-arm64, r-oldrel-macos-x86_64, r-oldrel-windows-x86_64
Version: 2.3.1
Check: installed package size
Result: NOTE
installed size is 14.9Mb
sub-directories of 1Mb or more:
libs 13.3Mb
Flavors: r-devel-linux-x86_64-fedora-clang, r-devel-windows-x86_64, r-release-macos-arm64, r-release-macos-x86_64, r-release-windows-x86_64, r-oldrel-macos-arm64, r-oldrel-macos-x86_64, r-oldrel-windows-x86_64