Last updated on 2024-06-27 16:49:06 CEST.
Flavor | Version | Tinstall | Tcheck | Ttotal | Status | Flags |
---|---|---|---|---|---|---|
r-devel-linux-x86_64-debian-clang | 1.0 | NOTE | ||||
r-devel-linux-x86_64-debian-gcc | 1.0 | 8.76 | 76.71 | 85.47 | NOTE | |
r-devel-linux-x86_64-fedora-clang | 1.0 | 145.34 | NOTE | |||
r-devel-linux-x86_64-fedora-gcc | 1.0 | 144.65 | NOTE | |||
r-devel-windows-x86_64 | 1.0 | 10.00 | 86.00 | 96.00 | NOTE | |
r-patched-linux-x86_64 | 1.0 | 7.41 | 100.36 | 107.77 | NOTE | |
r-release-linux-x86_64 | 1.0 | 11.47 | 98.45 | 109.92 | NOTE | |
r-release-macos-arm64 | 1.0 | 41.00 | NOTE | |||
r-release-macos-x86_64 | 1.0 | 62.00 | NOTE | |||
r-release-windows-x86_64 | 1.0 | 10.00 | 88.00 | 98.00 | NOTE | |
r-oldrel-macos-arm64 | 1.0 | 47.00 | NOTE | |||
r-oldrel-macos-x86_64 | 1.0 | 67.00 | NOTE | |||
r-oldrel-windows-x86_64 | 1.0 | 14.00 | 102.00 | 116.00 | NOTE |
Version: 1.0
Check: LazyData
Result: NOTE
'LazyData' is specified without a 'data' directory
Flavors: r-devel-linux-x86_64-debian-clang, r-devel-linux-x86_64-debian-gcc, r-devel-linux-x86_64-fedora-clang, r-devel-linux-x86_64-fedora-gcc, r-devel-windows-x86_64, r-patched-linux-x86_64, r-release-linux-x86_64, r-release-macos-arm64, r-release-macos-x86_64, r-release-windows-x86_64, r-oldrel-macos-arm64, r-oldrel-macos-x86_64, r-oldrel-windows-x86_64