Last updated on 2024-06-27 16:49:06 CEST.
Flavor | Version | Tinstall | Tcheck | Ttotal | Status | Flags |
---|---|---|---|---|---|---|
r-devel-linux-x86_64-debian-clang | 1.0.5 | OK | ||||
r-devel-linux-x86_64-debian-gcc | 1.0.5 | 5.81 | 31.36 | 37.17 | OK | |
r-devel-linux-x86_64-fedora-clang | 1.0.5 | 61.50 | NOTE | |||
r-devel-linux-x86_64-fedora-gcc | 1.0.5 | 58.04 | NOTE | |||
r-devel-windows-x86_64 | 1.0.5 | 7.00 | 45.00 | 52.00 | OK | |
r-patched-linux-x86_64 | 1.0.5 | 9.03 | 40.16 | 49.19 | OK | |
r-release-linux-x86_64 | 1.0.5 | 6.72 | 40.47 | 47.19 | OK | |
r-release-macos-arm64 | 1.0.5 | 19.00 | OK | |||
r-release-macos-x86_64 | 1.0.5 | 30.00 | OK | |||
r-release-windows-x86_64 | 1.0.5 | 7.00 | 43.00 | 50.00 | OK | |
r-oldrel-macos-arm64 | 1.0.5 | 22.00 | OK | |||
r-oldrel-macos-x86_64 | 1.0.5 | 49.00 | OK | |||
r-oldrel-windows-x86_64 | 1.0.5 | 10.00 | 50.00 | 60.00 | OK |
Version: 1.0.5
Check: data for non-ASCII characters
Result: NOTE
Note: found 275 marked UTF-8 strings
Flavors: r-devel-linux-x86_64-fedora-clang, r-devel-linux-x86_64-fedora-gcc