Last updated on 2024-06-27 16:49:06 CEST.
Flavor | Version | Tinstall | Tcheck | Ttotal | Status | Flags |
---|---|---|---|---|---|---|
r-devel-linux-x86_64-debian-clang | 0.6 | OK | ||||
r-devel-linux-x86_64-debian-gcc | 0.6 | 4.89 | 82.34 | 87.23 | OK | |
r-devel-linux-x86_64-fedora-clang | 0.6 | 153.87 | NOTE | |||
r-devel-linux-x86_64-fedora-gcc | 0.6 | 156.46 | NOTE | |||
r-devel-windows-x86_64 | 0.6 | 8.00 | 108.00 | 116.00 | OK | |
r-patched-linux-x86_64 | 0.6 | 6.20 | 108.99 | 115.19 | OK | |
r-release-linux-x86_64 | 0.6 | 6.19 | 111.67 | 117.86 | OK | |
r-release-macos-arm64 | 0.6 | 50.00 | OK | |||
r-release-macos-x86_64 | 0.6 | 96.00 | OK | |||
r-release-windows-x86_64 | 0.6 | 8.00 | 110.00 | 118.00 | OK | |
r-oldrel-macos-arm64 | 0.6 | 52.00 | OK | |||
r-oldrel-macos-x86_64 | 0.6 | 84.00 | OK | |||
r-oldrel-windows-x86_64 | 0.6 | 9.00 | 128.00 | 137.00 | OK |
Version: 0.6
Check: dependencies in R code
Result: NOTE
Namespace in Imports field not imported from: ‘BiasedUrn’
All declared Imports should be used.
Flavors: r-devel-linux-x86_64-fedora-clang, r-devel-linux-x86_64-fedora-gcc