Last updated on 2024-06-27 16:49:06 CEST.
Flavor | Version | Tinstall | Tcheck | Ttotal | Status | Flags |
---|---|---|---|---|---|---|
r-devel-linux-x86_64-debian-clang | 0.6.1 | NOTE | ||||
r-devel-linux-x86_64-debian-gcc | 0.6.1 | 291.31 | 228.22 | 519.53 | NOTE | |
r-devel-linux-x86_64-fedora-clang | 0.6.1 | 1006.20 | NOTE | |||
r-devel-linux-x86_64-fedora-gcc | 0.6.1 | 1063.16 | NOTE | |||
r-devel-windows-x86_64 | 0.6.1 | 309.00 | 301.00 | 610.00 | NOTE | |
r-patched-linux-x86_64 | 0.6.1 | 357.28 | 297.13 | 654.41 | NOTE | |
r-release-linux-x86_64 | 0.6.1 | 351.19 | 299.10 | 650.29 | NOTE | |
r-release-macos-arm64 | 0.6.1 | 196.00 | NOTE | |||
r-release-macos-x86_64 | 0.6.1 | 238.00 | NOTE | |||
r-release-windows-x86_64 | 0.6.1 | 320.00 | 316.00 | 636.00 | NOTE | |
r-oldrel-macos-arm64 | 0.6.1 | 258.00 | NOTE | |||
r-oldrel-macos-x86_64 | 0.6.1 | 425.00 | NOTE | |||
r-oldrel-windows-x86_64 | 0.6.1 | 382.00 | 353.00 | 735.00 | NOTE |
Version: 0.6.1
Check: C++ specification
Result: NOTE
Specified C++11: please drop specification unless essential
Flavors: r-devel-linux-x86_64-debian-clang, r-devel-linux-x86_64-debian-gcc, r-devel-linux-x86_64-fedora-clang, r-devel-linux-x86_64-fedora-gcc, r-devel-windows-x86_64, r-patched-linux-x86_64, r-release-linux-x86_64, r-release-macos-arm64, r-release-macos-x86_64, r-release-windows-x86_64, r-oldrel-macos-arm64, r-oldrel-macos-x86_64, r-oldrel-windows-x86_64
Version: 0.6.1
Check: data for non-ASCII characters
Result: NOTE
Note: found 989 marked UTF-8 strings
Flavors: r-devel-linux-x86_64-fedora-clang, r-devel-linux-x86_64-fedora-gcc
Version: 0.6.1
Check: installed package size
Result: NOTE
installed size is 18.5Mb
sub-directories of 1Mb or more:
libs 16.1Mb
Flavors: r-release-macos-arm64, r-release-macos-x86_64, r-oldrel-macos-arm64, r-oldrel-macos-x86_64