Last updated on 2024-06-27 10:49:32 CEST.
Flavor | Version | Tinstall | Tcheck | Ttotal | Status | Flags |
---|---|---|---|---|---|---|
r-devel-linux-x86_64-debian-clang | 0.5.3 | NOTE | ||||
r-devel-linux-x86_64-debian-gcc | 0.5.3 | 6.00 | 30.20 | 36.20 | NOTE | |
r-devel-linux-x86_64-fedora-clang | 0.5.3 | 60.04 | NOTE | |||
r-devel-linux-x86_64-fedora-gcc | 0.5.3 | 61.76 | NOTE | |||
r-devel-windows-x86_64 | 0.5.3 | 11.00 | 56.00 | 67.00 | NOTE | |
r-patched-linux-x86_64 | 0.5.3 | 6.23 | 36.91 | 43.14 | OK | |
r-release-linux-x86_64 | 0.5.3 | 6.35 | 38.22 | 44.57 | OK | |
r-release-macos-arm64 | 0.5.3 | 25.00 | OK | |||
r-release-macos-x86_64 | 0.5.3 | 37.00 | OK | |||
r-release-windows-x86_64 | 0.5.3 | 12.00 | 57.00 | 69.00 | OK | |
r-oldrel-macos-arm64 | 0.5.3 | 28.00 | OK | |||
r-oldrel-macos-x86_64 | 0.5.3 | 49.00 | OK | |||
r-oldrel-windows-x86_64 | 0.5.3 | 13.00 | 62.00 | 75.00 | OK |
Version: 0.5.3
Check: compiled code
Result: NOTE
File ‘grattanInflators/libs/grattanInflators.so’:
Found non-API call to R: ‘STRING_PTR’
Compiled code should not call non-API entry points in R.
See ‘Writing portable packages’ in the ‘Writing R Extensions’ manual.
Flavors: r-devel-linux-x86_64-debian-clang, r-devel-linux-x86_64-fedora-clang, r-devel-linux-x86_64-fedora-gcc
Version: 0.5.3
Check: compiled code
Result: NOTE
File ‘grattanInflators/libs/grattanInflators.so’:
Found non-API call to R: ‘STRING_PTR’
Compiled code should not call non-API entry points in R.
See ‘Writing portable packages’ in the ‘Writing R Extensions’ manual.
See section ‘Moving into C API compliance’ in the ‘Writing R
Extensions’ manual for issues with use of non-API entry points.
Flavor: r-devel-linux-x86_64-debian-gcc
Version: 0.5.3
Check: compiled code
Result: NOTE
File 'grattanInflators/libs/x64/grattanInflators.dll':
Found non-API call to R: 'STRING_PTR'
Compiled code should not call non-API entry points in R.
See 'Writing portable packages' in the 'Writing R Extensions' manual.
Flavor: r-devel-windows-x86_64