Last updated on 2024-07-13 05:49:15 CEST.
Flavor | Version | Tinstall | Tcheck | Ttotal | Status | Flags |
---|---|---|---|---|---|---|
r-devel-linux-x86_64-debian-clang | 0.4.4 | 65.81 | 575.11 | 640.92 | OK | |
r-devel-linux-x86_64-debian-gcc | 0.4.4 | 50.67 | 413.06 | 463.73 | OK | |
r-devel-linux-x86_64-fedora-clang | 0.4.4 | 826.60 | OK | |||
r-devel-linux-x86_64-fedora-gcc | 0.4.4 | 783.56 | OK | |||
r-devel-windows-x86_64 | 0.4.4 | 56.00 | 479.00 | 535.00 | NOTE | |
r-patched-linux-x86_64 | 0.4.4 | 71.98 | 553.54 | 625.52 | OK | |
r-release-linux-x86_64 | 0.4.4 | 62.46 | 548.31 | 610.77 | OK | |
r-release-macos-arm64 | 0.4.4 | 195.00 | OK | |||
r-release-macos-x86_64 | 0.4.4 | 336.00 | OK | |||
r-release-windows-x86_64 | 0.4.4 | 56.00 | 481.00 | 537.00 | OK | |
r-oldrel-macos-arm64 | 0.4.4 | 201.00 | OK | |||
r-oldrel-macos-x86_64 | 0.4.4 | 430.00 | OK | |||
r-oldrel-windows-x86_64 | 0.4.4 | 75.00 | 567.00 | 642.00 | OK |
Version: 0.4.4
Check: Rd cross-references
Result: NOTE
Found the following Rd file(s) with Rd \link{} targets missing package
anchors:
MPG.Rd: igraph, projectRaster
corridor.Rd: SpatialPoints
distance.Rd: SpatialPoints
export.Rd: writeFormats
ggGS.Rd: ggplot
goc-class.Rd: igraph
grainscape-deprecated.Rd: SpatialPolygonsDataFrame, SpatialPoints
patchFilter.Rd: clump
plot.Rd: ggplot
point.Rd: SpatialPoints
theme_grainscape.Rd: ggplot2, ggplot
Please provide package anchors for all Rd \link{} targets not in the
package itself and the base packages.
Flavor: r-devel-windows-x86_64