Last updated on 2024-07-13 05:49:15 CEST.
Flavor | Version | Tinstall | Tcheck | Ttotal | Status | Flags |
---|---|---|---|---|---|---|
r-devel-linux-x86_64-debian-clang | 0.4.0 | 7.52 | 85.43 | 92.95 | OK | |
r-devel-linux-x86_64-debian-gcc | 0.4.0 | 6.95 | 65.14 | 72.09 | OK | |
r-devel-linux-x86_64-fedora-clang | 0.4.0 | 122.16 | NOTE | |||
r-devel-linux-x86_64-fedora-gcc | 0.4.0 | 128.71 | OK | |||
r-devel-windows-x86_64 | 0.4.0 | 12.00 | 100.00 | 112.00 | OK | |
r-patched-linux-x86_64 | 0.4.0 | 9.16 | 83.21 | 92.37 | OK | |
r-release-linux-x86_64 | 0.4.0 | 8.26 | 82.67 | 90.93 | OK | |
r-release-macos-arm64 | 0.4.0 | 49.00 | OK | |||
r-release-macos-x86_64 | 0.4.0 | 70.00 | OK | |||
r-release-windows-x86_64 | 0.4.0 | 10.00 | 100.00 | 110.00 | OK | |
r-oldrel-macos-arm64 | 0.4.0 | 59.00 | OK | |||
r-oldrel-macos-x86_64 | 0.4.0 | 111.00 | OK | |||
r-oldrel-windows-x86_64 | 0.4.0 | 13.00 | 106.00 | 119.00 | OK |
Version: 0.4.0
Check: package dependencies
Result: NOTE
Imports includes 24 non-default packages.
Importing from so many packages makes the package vulnerable to any of
them becoming unavailable. Move as many as possible to Suggests and
use conditionally.
Flavor: r-devel-linux-x86_64-fedora-clang