Last updated on 2024-07-13 11:49:15 CEST.
Flavor | Version | Tinstall | Tcheck | Ttotal | Status | Flags |
---|---|---|---|---|---|---|
r-devel-linux-x86_64-debian-clang | 0.1.0 | 2.03 | 24.79 | 26.82 | NOTE | |
r-devel-linux-x86_64-debian-gcc | 0.1.0 | 1.57 | 19.46 | 21.03 | NOTE | |
r-devel-linux-x86_64-fedora-clang | 0.1.0 | 37.11 | NOTE | |||
r-devel-linux-x86_64-fedora-gcc | 0.1.0 | 47.93 | NOTE | |||
r-devel-windows-x86_64 | 0.1.0 | 3.00 | 42.00 | 45.00 | NOTE | |
r-patched-linux-x86_64 | 0.1.0 | 1.80 | 23.72 | 25.52 | NOTE | |
r-release-linux-x86_64 | 0.1.0 | 1.40 | 23.87 | 25.27 | NOTE | |
r-release-macos-arm64 | 0.1.0 | 23.00 | NOTE | |||
r-release-macos-x86_64 | 0.1.0 | 37.00 | NOTE | |||
r-release-windows-x86_64 | 0.1.0 | 3.00 | 41.00 | 44.00 | NOTE | |
r-oldrel-macos-arm64 | 0.1.0 | 40.00 | NOTE | |||
r-oldrel-macos-x86_64 | 0.1.0 | 55.00 | NOTE | |||
r-oldrel-windows-x86_64 | 0.1.0 | 2.00 | 41.00 | 43.00 | NOTE |
Version: 0.1.0
Check: package dependencies
Result: NOTE
Package suggested but not available for checking: ‘cmdstanr’
Flavors: r-devel-linux-x86_64-debian-clang, r-devel-linux-x86_64-debian-gcc, r-devel-linux-x86_64-fedora-clang, r-devel-linux-x86_64-fedora-gcc, r-devel-windows-x86_64, r-patched-linux-x86_64, r-release-linux-x86_64, r-release-macos-arm64, r-release-macos-x86_64, r-release-windows-x86_64, r-oldrel-macos-arm64, r-oldrel-macos-x86_64, r-oldrel-windows-x86_64