Last updated on 2024-06-27 16:49:05 CEST.
Flavor | Version | Tinstall | Tcheck | Ttotal | Status | Flags |
---|---|---|---|---|---|---|
r-devel-linux-x86_64-debian-clang | 0.7-10 | OK | ||||
r-devel-linux-x86_64-debian-gcc | 0.7-10 | 2.52 | 26.78 | 29.30 | OK | |
r-devel-linux-x86_64-fedora-clang | 0.7-10 | 51.12 | NOTE | |||
r-devel-linux-x86_64-fedora-gcc | 0.7-10 | 62.61 | OK | |||
r-devel-windows-x86_64 | 0.7-10 | 4.00 | 47.00 | 51.00 | OK | |
r-patched-linux-x86_64 | 0.7-10 | 2.46 | 33.69 | 36.15 | OK | |
r-release-linux-x86_64 | 0.7-10 | 2.73 | 33.31 | 36.04 | OK | |
r-release-macos-arm64 | 0.7-10 | 23.00 | OK | |||
r-release-macos-x86_64 | 0.7-10 | 35.00 | OK | |||
r-release-windows-x86_64 | 0.7-10 | 5.00 | 49.00 | 54.00 | OK | |
r-oldrel-macos-arm64 | 0.7-10 | 36.00 | OK | |||
r-oldrel-macos-x86_64 | 0.7-10 | 81.00 | OK | |||
r-oldrel-windows-x86_64 | 0.7-10 | 5.00 | 50.00 | 55.00 | OK |
Version: 0.7-10
Check: Rd cross-references
Result: NOTE
Undeclared packages ‘openxlsx’, ‘readxl’ in Rd xrefs
Flavor: r-devel-linux-x86_64-fedora-clang