Last updated on 2024-06-27 10:49:32 CEST.
Flavor | Version | Tinstall | Tcheck | Ttotal | Status | Flags |
---|---|---|---|---|---|---|
r-devel-linux-x86_64-debian-clang | 1.6.3 | OK | ||||
r-devel-linux-x86_64-debian-gcc | 1.6.3 | 68.47 | 124.83 | 193.30 | OK | |
r-devel-linux-x86_64-fedora-clang | 1.6.3 | 333.93 | NOTE | |||
r-devel-linux-x86_64-fedora-gcc | 1.6.3 | 333.99 | OK | |||
r-devel-windows-x86_64 | 1.6.3 | 61.00 | 132.00 | 193.00 | OK | |
r-patched-linux-x86_64 | 1.6.3 | 80.41 | 163.10 | 243.51 | OK | |
r-release-linux-x86_64 | 1.6.3 | 78.74 | 162.89 | 241.63 | OK | |
r-release-macos-arm64 | 1.6.3 | 73.00 | NOTE | |||
r-release-macos-x86_64 | 1.6.3 | 118.00 | NOTE | |||
r-release-windows-x86_64 | 1.6.3 | 69.00 | 133.00 | 202.00 | OK | |
r-oldrel-macos-arm64 | 1.6.3 | 73.00 | NOTE | |||
r-oldrel-macos-x86_64 | 1.6.3 | 179.00 | NOTE | |||
r-oldrel-windows-x86_64 | 1.6.3 | 83.00 | 164.00 | 247.00 | OK |
Version: 1.6.3
Check: Rd cross-references
Result: NOTE
Undeclared package ‘GMMBoost’ in Rd xrefs
Flavor: r-devel-linux-x86_64-fedora-clang
Version: 1.6.3
Check: installed package size
Result: NOTE
installed size is 10.6Mb
sub-directories of 1Mb or more:
libs 10.0Mb
Flavors: r-release-macos-arm64, r-release-macos-x86_64, r-oldrel-macos-arm64, r-oldrel-macos-x86_64