Last updated on 2024-07-13 05:49:14 CEST.
Flavor | Version | Tinstall | Tcheck | Ttotal | Status | Flags |
---|---|---|---|---|---|---|
r-devel-linux-x86_64-debian-clang | 3.0.1 | 109.14 | 36.64 | 145.78 | NOTE | |
r-devel-linux-x86_64-debian-gcc | 3.0.1 | 236.96 | 28.39 | 265.35 | NOTE | |
r-devel-linux-x86_64-fedora-clang | 3.0.1 | 182.40 | NOTE | |||
r-devel-linux-x86_64-fedora-gcc | 3.0.1 | 442.55 | NOTE | |||
r-devel-windows-x86_64 | 3.0.1 | 346.00 | 71.00 | 417.00 | NOTE | |
r-patched-linux-x86_64 | 3.0.1 | 248.85 | 35.67 | 284.52 | NOTE | |
r-release-linux-x86_64 | 3.0.1 | 238.53 | 34.88 | 273.41 | NOTE | |
r-release-macos-arm64 | 3.0.1 | 52.00 | NOTE | |||
r-release-macos-x86_64 | 3.0.1 | 104.00 | NOTE | |||
r-release-windows-x86_64 | 3.0.1 | 347.00 | 70.00 | 417.00 | NOTE | |
r-oldrel-macos-arm64 | 3.0.1 | 62.00 | NOTE | |||
r-oldrel-macos-x86_64 | 3.0.1 | 123.00 | NOTE | |||
r-oldrel-windows-x86_64 | 3.0.1 | 335.00 | 81.00 | 416.00 | NOTE |
Version: 3.0.1
Check: C++ specification
Result: NOTE
Specified C++11: please drop specification unless essential
Flavors: r-devel-linux-x86_64-debian-clang, r-devel-linux-x86_64-debian-gcc, r-devel-linux-x86_64-fedora-clang, r-devel-linux-x86_64-fedora-gcc, r-devel-windows-x86_64, r-patched-linux-x86_64, r-release-linux-x86_64, r-release-macos-arm64, r-release-macos-x86_64, r-release-windows-x86_64, r-oldrel-macos-arm64, r-oldrel-macos-x86_64, r-oldrel-windows-x86_64
Version: 3.0.1
Check: installed package size
Result: NOTE
installed size is 9.9Mb
sub-directories of 1Mb or more:
libs 9.8Mb
Flavors: r-release-macos-arm64, r-release-macos-x86_64, r-oldrel-macos-arm64, r-oldrel-macos-x86_64