Last updated on 2024-06-27 16:49:05 CEST.
Flavor | Version | Tinstall | Tcheck | Ttotal | Status | Flags |
---|---|---|---|---|---|---|
r-devel-linux-x86_64-debian-clang | 0.3.3 | NOTE | ||||
r-devel-linux-x86_64-debian-gcc | 0.3.3 | 12.29 | 93.13 | 105.42 | NOTE | |
r-devel-linux-x86_64-fedora-clang | 0.3.3 | 196.33 | NOTE | |||
r-devel-linux-x86_64-fedora-gcc | 0.3.3 | 163.12 | NOTE | |||
r-devel-windows-x86_64 | 0.3.3 | 18.00 | 108.00 | 126.00 | NOTE | |
r-patched-linux-x86_64 | 0.3.3 | 14.73 | 121.48 | 136.21 | NOTE | |
r-release-linux-x86_64 | 0.3.3 | 15.75 | 119.53 | 135.28 | NOTE | |
r-release-macos-arm64 | 0.3.3 | 44.00 | NOTE | |||
r-release-macos-x86_64 | 0.3.3 | 75.00 | NOTE | |||
r-release-windows-x86_64 | 0.3.3 | 19.00 | 111.00 | 130.00 | NOTE | |
r-oldrel-macos-arm64 | 0.3.3 | 39.00 | NOTE | |||
r-oldrel-macos-x86_64 | 0.3.3 | 79.00 | NOTE | |||
r-oldrel-windows-x86_64 | 0.3.3 | 25.00 | 148.00 | 173.00 | NOTE |
Version: 0.3.3
Check: C++ specification
Result: NOTE
Specified C++11: please drop specification unless essential
Flavors: r-devel-linux-x86_64-debian-clang, r-devel-linux-x86_64-debian-gcc, r-devel-linux-x86_64-fedora-clang, r-devel-linux-x86_64-fedora-gcc, r-devel-windows-x86_64, r-patched-linux-x86_64, r-release-linux-x86_64, r-release-macos-arm64, r-release-macos-x86_64, r-release-windows-x86_64, r-oldrel-macos-arm64, r-oldrel-macos-x86_64, r-oldrel-windows-x86_64