Last updated on 2024-07-13 11:49:14 CEST.
Flavor | Version | Tinstall | Tcheck | Ttotal | Status | Flags |
---|---|---|---|---|---|---|
r-devel-linux-x86_64-debian-clang | 0.8.1 | 178.31 | 187.11 | 365.42 | OK | |
r-devel-linux-x86_64-debian-gcc | 0.8.1 | 125.19 | 137.09 | 262.28 | OK | |
r-devel-linux-x86_64-fedora-clang | 0.8.1 | 538.58 | NOTE | |||
r-devel-linux-x86_64-fedora-gcc | 0.8.1 | 526.85 | OK | |||
r-devel-windows-x86_64 | 0.8.1 | 147.00 | 172.00 | 319.00 | NOTE | |
r-patched-linux-x86_64 | 0.8.1 | 160.54 | 180.60 | 341.14 | OK | |
r-release-linux-x86_64 | 0.8.1 | 112.06 | 170.66 | 282.72 | OK | |
r-release-macos-arm64 | 0.8.1 | 110.00 | NOTE | |||
r-release-macos-x86_64 | 0.8.1 | 139.00 | NOTE | |||
r-release-windows-x86_64 | 0.8.1 | 150.00 | 168.00 | 318.00 | NOTE | |
r-oldrel-macos-arm64 | 0.8.1 | 120.00 | NOTE | |||
r-oldrel-macos-x86_64 | 0.8.1 | 220.00 | NOTE | |||
r-oldrel-windows-x86_64 | 0.8.1 | 182.00 | 225.00 | 407.00 | NOTE |
Version: 0.8.1
Check: installed package size
Result: NOTE
installed size is 5.5Mb
sub-directories of 1Mb or more:
doc 3.0Mb
extdata 1.6Mb
Flavors: r-devel-linux-x86_64-fedora-clang, r-devel-windows-x86_64, r-release-macos-arm64, r-release-macos-x86_64, r-release-windows-x86_64, r-oldrel-macos-arm64, r-oldrel-macos-x86_64, r-oldrel-windows-x86_64