Last updated on 2024-06-27 16:49:05 CEST.
Flavor | Version | Tinstall | Tcheck | Ttotal | Status | Flags |
---|---|---|---|---|---|---|
r-devel-linux-x86_64-debian-clang | 0.1 | OK | ||||
r-devel-linux-x86_64-debian-gcc | 0.1 | 15.33 | 126.42 | 141.75 | OK | |
r-devel-linux-x86_64-fedora-clang | 0.1 | 243.69 | OK | |||
r-devel-linux-x86_64-fedora-gcc | 0.1 | 232.91 | OK | |||
r-devel-windows-x86_64 | 0.1 | 18.00 | 124.00 | 142.00 | OK | |
r-patched-linux-x86_64 | 0.1 | 14.84 | 162.13 | 176.97 | OK | |
r-release-linux-x86_64 | 0.1 | 16.29 | 168.50 | 184.79 | OK | |
r-release-macos-arm64 | 0.1 | 7.00 | ERROR | |||
r-release-macos-x86_64 | 0.1 | 101.00 | OK | |||
r-release-windows-x86_64 | 0.1 | 18.00 | 124.00 | 142.00 | OK | |
r-oldrel-macos-arm64 | 0.1 | 12.00 | ERROR | |||
r-oldrel-macos-x86_64 | 0.1 | 16.00 | ERROR | |||
r-oldrel-windows-x86_64 | 0.1 | 24.00 | 164.00 | 188.00 | OK |
Version: 0.1
Check: package dependencies
Result: ERROR
Package required but not available: ‘ggmsa’
See section ‘The DESCRIPTION file’ in the ‘Writing R Extensions’
manual.
Flavors: r-release-macos-arm64, r-oldrel-macos-arm64, r-oldrel-macos-x86_64