Last updated on 2024-06-27 16:49:05 CEST.
Flavor | Version | Tinstall | Tcheck | Ttotal | Status | Flags |
---|---|---|---|---|---|---|
r-devel-linux-x86_64-debian-clang | 2.0.1 | NOTE | ||||
r-devel-linux-x86_64-debian-gcc | 2.0.1 | 7.27 | 32.29 | 39.56 | NOTE | |
r-devel-linux-x86_64-fedora-clang | 2.0.1 | 69.91 | NOTE | |||
r-devel-linux-x86_64-fedora-gcc | 2.0.1 | 79.52 | NOTE | |||
r-devel-windows-x86_64 | 2.0.1 | 22.00 | 125.00 | 147.00 | NOTE | |
r-patched-linux-x86_64 | 2.0.1 | 9.67 | 39.74 | 49.41 | OK | |
r-release-linux-x86_64 | 2.0.1 | 8.51 | 40.46 | 48.97 | OK | |
r-release-macos-arm64 | 2.0.1 | 36.00 | OK | |||
r-release-macos-x86_64 | 2.0.1 | 67.00 | OK | |||
r-release-windows-x86_64 | 2.0.1 | 21.00 | 128.00 | 149.00 | NOTE | |
r-oldrel-macos-arm64 | 2.0.1 | 40.00 | OK | |||
r-oldrel-macos-x86_64 | 2.0.1 | 63.00 | OK | |||
r-oldrel-windows-x86_64 | 2.0.1 | 25.00 | 136.00 | 161.00 | NOTE |
Version: 2.0.1
Check: compiled code
Result: NOTE
File ‘gert/libs/gert.so’:
Found non-API call to R: ‘R_curErrorBuf’
Compiled code should not call non-API entry points in R.
See ‘Writing portable packages’ in the ‘Writing R Extensions’ manual.
Flavors: r-devel-linux-x86_64-debian-clang, r-devel-linux-x86_64-fedora-clang, r-devel-linux-x86_64-fedora-gcc
Version: 2.0.1
Check: compiled code
Result: NOTE
File ‘gert/libs/gert.so’:
Found non-API call to R: ‘R_curErrorBuf’
Compiled code should not call non-API entry points in R.
See ‘Writing portable packages’ in the ‘Writing R Extensions’ manual.
See section ‘Moving into C API compliance’ in the ‘Writing R
Extensions’ manual for issues with use of non-API entry points.
Flavor: r-devel-linux-x86_64-debian-gcc
Version: 2.0.1
Check: installed package size
Result: NOTE
installed size is 7.3Mb
sub-directories of 1Mb or more:
libs 7.0Mb
Flavors: r-devel-windows-x86_64, r-release-windows-x86_64, r-oldrel-windows-x86_64
Version: 2.0.1
Check: compiled code
Result: NOTE
File 'gert/libs/x64/gert.dll':
Found non-API call to R: 'R_curErrorBuf'
Compiled code should not call non-API entry points in R.
See 'Writing portable packages' in the 'Writing R Extensions' manual.
Flavor: r-devel-windows-x86_64