Last updated on 2024-07-13 11:49:14 CEST.
Flavor | Version | Tinstall | Tcheck | Ttotal | Status | Flags |
---|---|---|---|---|---|---|
r-devel-linux-x86_64-debian-clang | 0.1-1 | 7.41 | 46.21 | 53.62 | OK | |
r-devel-linux-x86_64-debian-gcc | 0.1-1 | 6.18 | 35.33 | 41.51 | OK | |
r-devel-linux-x86_64-fedora-clang | 0.1-1 | 69.54 | OK | |||
r-devel-linux-x86_64-fedora-gcc | 0.1-1 | 76.27 | OK | |||
r-devel-windows-x86_64 | 0.1-1 | 9.00 | 56.00 | 65.00 | NOTE | |
r-patched-linux-x86_64 | 0.1-1 | 11.99 | 43.57 | 55.56 | OK | |
r-release-linux-x86_64 | 0.1-1 | 5.11 | 43.95 | 49.06 | OK | |
r-release-macos-arm64 | 0.1-1 | 30.00 | OK | |||
r-release-macos-x86_64 | 0.1-1 | 44.00 | OK | |||
r-release-windows-x86_64 | 0.1-1 | 8.00 | 55.00 | 63.00 | OK | |
r-oldrel-macos-arm64 | 0.1-1 | 40.00 | OK | |||
r-oldrel-macos-x86_64 | 0.1-1 | 62.00 | OK | |||
r-oldrel-windows-x86_64 | 0.1-1 | 9.00 | 62.00 | 71.00 | OK |
Version: 0.1-1
Check: Rd cross-references
Result: NOTE
Found the following Rd file(s) with Rd \link{} targets missing package
anchors:
GeoNodeManager.Rd: R6Class
GeoNodeUtils.Rd: R6Class
GeoNodeVersion.Rd: R6Class
Please provide package anchors for all Rd \link{} targets not in the
package itself and the base packages.
Flavor: r-devel-windows-x86_64