Last updated on 2024-06-21 15:52:52 CEST.
Flavor | Version | Tinstall | Tcheck | Ttotal | Status | Flags |
---|---|---|---|---|---|---|
r-devel-linux-x86_64-debian-clang | 0.3.4 | 158.54 | 599.92 | 758.46 | OK | |
r-devel-linux-x86_64-debian-gcc | 0.3.4 | 115.99 | 431.72 | 547.71 | OK | |
r-devel-linux-x86_64-fedora-clang | 0.3.4 | 961.74 | NOTE | |||
r-devel-linux-x86_64-fedora-gcc | 0.3.4 | 926.88 | OK | |||
r-devel-windows-x86_64 | 0.3.4 | 121.00 | 430.00 | 551.00 | NOTE | |
r-patched-linux-x86_64 | 0.3.4 | 108.72 | 581.28 | 690.00 | OK | |
r-release-linux-x86_64 | 0.3.4 | 101.43 | 568.51 | 669.94 | OK | |
r-release-macos-arm64 | 0.3.4 | 238.00 | NOTE | |||
r-release-macos-x86_64 | 0.3.4 | 355.00 | NOTE | |||
r-release-windows-x86_64 | 0.3.4 | 119.00 | 430.00 | 549.00 | NOTE | |
r-oldrel-macos-arm64 | 0.3.4 | 357.00 | NOTE | |||
r-oldrel-macos-x86_64 | 0.3.4 | 472.00 | NOTE | |||
r-oldrel-windows-x86_64 | 0.3.4 | 158.00 | 567.00 | 725.00 | NOTE |
Version: 0.3.4
Check: installed package size
Result: NOTE
installed size is 5.8Mb
sub-directories of 1Mb or more:
extdata 3.0Mb
Flavors: r-devel-linux-x86_64-fedora-clang, r-devel-windows-x86_64, r-release-macos-arm64, r-release-macos-x86_64, r-release-windows-x86_64, r-oldrel-macos-arm64, r-oldrel-macos-x86_64, r-oldrel-windows-x86_64