Last updated on 2024-06-27 16:49:05 CEST.
Flavor | Version | Tinstall | Tcheck | Ttotal | Status | Flags |
---|---|---|---|---|---|---|
r-devel-linux-x86_64-debian-clang | 1.2.2 | NOTE | ||||
r-devel-linux-x86_64-debian-gcc | 1.2.2 | 111.80 | 33.07 | 144.87 | NOTE | |
r-devel-linux-x86_64-fedora-clang | 1.2.2 | 303.60 | NOTE | |||
r-devel-linux-x86_64-fedora-gcc | 1.2.2 | 303.94 | NOTE | |||
r-devel-windows-x86_64 | 1.2.2 | 114.00 | 80.00 | 194.00 | NOTE | |
r-patched-linux-x86_64 | 1.2.2 | 127.92 | 42.01 | 169.93 | NOTE | |
r-release-linux-x86_64 | 1.2.2 | 135.16 | 42.68 | 177.84 | NOTE | |
r-release-macos-arm64 | 1.2.2 | 62.00 | NOTE | |||
r-release-macos-x86_64 | 1.2.2 | 61.00 | NOTE | |||
r-release-windows-x86_64 | 1.2.2 | 118.00 | 82.00 | 200.00 | NOTE | |
r-oldrel-macos-arm64 | 1.2.2 | 75.00 | NOTE | |||
r-oldrel-macos-x86_64 | 1.2.2 | 120.00 | NOTE | |||
r-oldrel-windows-x86_64 | 1.2.2 | 140.00 | 93.00 | 233.00 | NOTE |
Version: 1.2.2
Check: C++ specification
Result: NOTE
Specified C++11: please drop specification unless essential
Flavors: r-devel-linux-x86_64-debian-clang, r-devel-linux-x86_64-debian-gcc, r-devel-linux-x86_64-fedora-clang, r-devel-linux-x86_64-fedora-gcc, r-devel-windows-x86_64, r-patched-linux-x86_64, r-release-linux-x86_64, r-release-macos-arm64, r-release-macos-x86_64, r-release-windows-x86_64, r-oldrel-macos-arm64, r-oldrel-macos-x86_64, r-oldrel-windows-x86_64
Version: 1.2.2
Check: installed package size
Result: NOTE
installed size is 11.7Mb
sub-directories of 1Mb or more:
doc 1.5Mb
libs 9.3Mb
Flavors: r-release-macos-arm64, r-release-macos-x86_64, r-oldrel-macos-arm64, r-oldrel-macos-x86_64