Last updated on 2024-07-13 11:49:13 CEST.
Flavor | Version | Tinstall | Tcheck | Ttotal | Status | Flags |
---|---|---|---|---|---|---|
r-devel-linux-x86_64-debian-clang | 0.6.0 | 4.15 | 51.80 | 55.95 | NOTE | |
r-devel-linux-x86_64-debian-gcc | 0.6.0 | 4.25 | 39.24 | 43.49 | NOTE | |
r-devel-linux-x86_64-fedora-clang | 0.6.0 | 79.45 | NOTE | |||
r-devel-linux-x86_64-fedora-gcc | 0.6.0 | 80.96 | NOTE | |||
r-devel-windows-x86_64 | 0.6.0 | 5.00 | 58.00 | 63.00 | NOTE | |
r-patched-linux-x86_64 | 0.6.0 | 5.07 | 49.01 | 54.08 | NOTE | |
r-release-linux-x86_64 | 0.6.0 | 4.57 | 49.36 | 53.93 | NOTE | |
r-release-macos-arm64 | 0.6.0 | 32.00 | NOTE | |||
r-release-macos-x86_64 | 0.6.0 | 45.00 | NOTE | |||
r-release-windows-x86_64 | 0.6.0 | 5.00 | 59.00 | 64.00 | NOTE | |
r-oldrel-macos-arm64 | 0.6.0 | 31.00 | NOTE | |||
r-oldrel-macos-x86_64 | 0.6.0 | 44.00 | NOTE | |||
r-oldrel-windows-x86_64 | 0.6.0 | 8.00 | 64.00 | 72.00 | NOTE |
Version: 0.6.0
Check: package dependencies
Result: NOTE
Package suggested but not available for checking: ‘genderdata’
Flavors: r-devel-linux-x86_64-debian-clang, r-devel-linux-x86_64-debian-gcc, r-devel-linux-x86_64-fedora-clang, r-devel-linux-x86_64-fedora-gcc, r-devel-windows-x86_64, r-patched-linux-x86_64, r-release-linux-x86_64, r-release-macos-arm64, r-release-macos-x86_64, r-release-windows-x86_64, r-oldrel-macos-arm64, r-oldrel-macos-x86_64, r-oldrel-windows-x86_64