Last updated on 2024-06-27 16:49:05 CEST.
Flavor | Version | Tinstall | Tcheck | Ttotal | Status | Flags |
---|---|---|---|---|---|---|
r-devel-linux-x86_64-debian-clang | 2.0-1 | OK | ||||
r-devel-linux-x86_64-debian-gcc | 2.0-1 | 107.23 | 41.82 | 149.05 | OK | |
r-devel-linux-x86_64-fedora-clang | 2.0-1 | 323.53 | OK | |||
r-devel-linux-x86_64-fedora-gcc | 2.0-1 | 327.52 | OK | |||
r-devel-windows-x86_64 | 2.0-1 | 117.00 | 87.00 | 204.00 | OK | |
r-patched-linux-x86_64 | 2.0-1 | 125.90 | 51.85 | 177.75 | OK | |
r-release-linux-x86_64 | 2.0-1 | 133.69 | 54.33 | 188.02 | OK | |
r-release-macos-arm64 | 2.0-1 | 60.00 | NOTE | |||
r-release-macos-x86_64 | 2.0-1 | 76.00 | NOTE | |||
r-release-windows-x86_64 | 2.0-1 | 122.00 | 88.00 | 210.00 | OK | |
r-oldrel-macos-arm64 | 2.0-1 | 84.00 | NOTE | |||
r-oldrel-macos-x86_64 | 2.0-1 | 117.00 | NOTE | |||
r-oldrel-windows-x86_64 | 2.0-1 | 146.00 | 96.00 | 242.00 | OK |
Version: 2.0-1
Check: installed package size
Result: NOTE
installed size is 6.0Mb
sub-directories of 1Mb or more:
libs 5.1Mb
Flavors: r-release-macos-arm64, r-release-macos-x86_64, r-oldrel-macos-arm64, r-oldrel-macos-x86_64