Last updated on 2024-06-27 10:49:31 CEST.
Flavor | Version | Tinstall | Tcheck | Ttotal | Status | Flags |
---|---|---|---|---|---|---|
r-devel-linux-x86_64-debian-clang | 1.0-1 | NOTE | ||||
r-devel-linux-x86_64-debian-gcc | 1.0-1 | 9.65 | 81.70 | 91.35 | NOTE | |
r-devel-linux-x86_64-fedora-clang | 1.0-1 | 155.68 | NOTE | |||
r-devel-linux-x86_64-fedora-gcc | 1.0-1 | 139.25 | NOTE | |||
r-devel-windows-x86_64 | 1.0-1 | 10.00 | 90.00 | 100.00 | NOTE | --no-vignettes |
r-patched-linux-x86_64 | 1.0-1 | 13.39 | 104.66 | 118.05 | NOTE | |
r-release-linux-x86_64 | 1.0-1 | 11.50 | 104.43 | 115.93 | NOTE | |
r-release-macos-arm64 | 1.0-1 | 42.00 | NOTE | |||
r-release-macos-x86_64 | 1.0-1 | 61.00 | NOTE | |||
r-release-windows-x86_64 | 1.0-1 | 12.00 | 112.00 | 124.00 | NOTE | --no-vignettes |
r-oldrel-macos-arm64 | 1.0-1 | 45.00 | OK | |||
r-oldrel-macos-x86_64 | 1.0-1 | 77.00 | OK | |||
r-oldrel-windows-x86_64 | 1.0-1 | 14.00 | 98.00 | 112.00 | OK | --no-vignettes |
Version: 1.0-1
Check: Rd files
Result: NOTE
checkRd: (-1) term.plotZadj.Rd:6: Lost braces
6 | \ This is a wrapper to function \code{\link[gamlss]{term.plot}}. code{term.plotZadj} produces term plots for a specified parameter from a
| ^
Flavors: r-devel-linux-x86_64-debian-clang, r-devel-linux-x86_64-debian-gcc, r-devel-linux-x86_64-fedora-clang, r-devel-linux-x86_64-fedora-gcc, r-patched-linux-x86_64, r-release-linux-x86_64, r-release-macos-arm64, r-release-macos-x86_64
Version: 1.0-1
Flags: --no-vignettes
Check: Rd files
Result: NOTE
checkRd: (-1) term.plotZadj.Rd:6: Lost braces
6 | \ This is a wrapper to function \code{\link[gamlss]{term.plot}}. code{term.plotZadj} produces term plots for a specified parameter from a
| ^
Flavors: r-devel-windows-x86_64, r-release-windows-x86_64