Last updated on 2024-06-27 16:49:05 CEST.
Flavor | Version | Tinstall | Tcheck | Ttotal | Status | Flags |
---|---|---|---|---|---|---|
r-devel-linux-x86_64-debian-clang | 1.0.1 | NOTE | ||||
r-devel-linux-x86_64-debian-gcc | 1.0.1 | 29.78 | 90.03 | 119.81 | NOTE | |
r-devel-linux-x86_64-fedora-clang | 1.0.1 | 201.25 | NOTE | |||
r-devel-linux-x86_64-fedora-gcc | 1.0.1 | 218.48 | NOTE | |||
r-devel-windows-x86_64 | 1.0.1 | 35.00 | 121.00 | 156.00 | NOTE | |
r-patched-linux-x86_64 | 1.0.1 | 35.40 | 114.02 | 149.42 | NOTE | |
r-release-linux-x86_64 | 1.0.1 | 42.83 | 113.66 | 156.49 | NOTE | |
r-release-macos-arm64 | 1.0.1 | 74.00 | NOTE | |||
r-release-macos-x86_64 | 1.0.1 | 98.00 | NOTE | |||
r-release-windows-x86_64 | 1.0.1 | 35.00 | 122.00 | 157.00 | NOTE | |
r-oldrel-macos-arm64 | 1.0.1 | 81.00 | NOTE | |||
r-oldrel-macos-x86_64 | 1.0.1 | 113.00 | NOTE | |||
r-oldrel-windows-x86_64 | 1.0.1 | 42.00 | 147.00 | 189.00 | NOTE |
Version: 1.0.1
Check: LazyData
Result: NOTE
'LazyData' is specified without a 'data' directory
Flavors: r-devel-linux-x86_64-debian-clang, r-devel-linux-x86_64-debian-gcc, r-devel-linux-x86_64-fedora-clang, r-devel-linux-x86_64-fedora-gcc, r-devel-windows-x86_64, r-patched-linux-x86_64, r-release-linux-x86_64, r-release-macos-arm64, r-release-macos-x86_64, r-release-windows-x86_64, r-oldrel-macos-arm64, r-oldrel-macos-x86_64, r-oldrel-windows-x86_64
Version: 1.0.1
Check: installed package size
Result: NOTE
installed size is 7.3Mb
sub-directories of 1Mb or more:
libs 7.1Mb
Flavors: r-release-macos-arm64, r-release-macos-x86_64, r-oldrel-macos-arm64