Last updated on 2024-07-13 05:49:13 CEST.
Flavor | Version | Tinstall | Tcheck | Ttotal | Status | Flags |
---|---|---|---|---|---|---|
r-devel-linux-x86_64-debian-clang | 6.4 | 33.08 | 260.54 | 293.62 | OK | |
r-devel-linux-x86_64-debian-gcc | 6.4 | 28.20 | 186.18 | 214.38 | OK | |
r-devel-linux-x86_64-fedora-clang | 6.4 | 386.34 | OK | |||
r-devel-linux-x86_64-fedora-gcc | 6.4 | 338.43 | OK | |||
r-devel-windows-x86_64 | 6.4 | 29.00 | 197.00 | 226.00 | NOTE | |
r-patched-linux-x86_64 | 6.4 | 34.23 | 245.84 | 280.07 | OK | |
r-release-linux-x86_64 | 6.4 | 26.74 | 253.39 | 280.13 | OK | |
r-release-macos-arm64 | 6.4 | 86.00 | OK | |||
r-release-macos-x86_64 | 6.4 | 136.00 | OK | |||
r-release-windows-x86_64 | 6.4 | 29.00 | 202.00 | 231.00 | OK | |
r-oldrel-macos-arm64 | 6.4 | 101.00 | OK | |||
r-oldrel-macos-x86_64 | 6.4 | 203.00 | OK | |||
r-oldrel-windows-x86_64 | 6.4 | 39.00 | 253.00 | 292.00 | OK |
Version: 6.4
Check: Rd cross-references
Result: NOTE
Found the following Rd file(s) with Rd \link{} targets missing package
anchors:
farforecast.Rd: fds
long_run_covariance_estimation.Rd: fts
Please provide package anchors for all Rd \link{} targets not in the
package itself and the base packages.
Flavor: r-devel-windows-x86_64