Last updated on 2024-06-27 16:49:05 CEST.
Flavor | Version | Tinstall | Tcheck | Ttotal | Status | Flags |
---|---|---|---|---|---|---|
r-devel-linux-x86_64-debian-clang | 0.1.8 | NOTE | ||||
r-devel-linux-x86_64-debian-gcc | 0.1.8 | 46.17 | 122.97 | 169.14 | NOTE | |
r-devel-linux-x86_64-fedora-clang | 0.1.8 | 285.31 | NOTE | |||
r-devel-linux-x86_64-fedora-gcc | 0.1.8 | 308.95 | NOTE | |||
r-devel-windows-x86_64 | 0.1.8 | 44.00 | 161.00 | 205.00 | NOTE | |
r-patched-linux-x86_64 | 0.1.8 | 57.19 | 163.61 | 220.80 | NOTE | |
r-release-linux-x86_64 | 0.1.8 | 59.47 | 165.78 | 225.25 | NOTE | |
r-release-macos-arm64 | 0.1.8 | 76.00 | NOTE | |||
r-release-macos-x86_64 | 0.1.8 | 126.00 | NOTE | |||
r-release-windows-x86_64 | 0.1.8 | 48.00 | 163.00 | 211.00 | NOTE | |
r-oldrel-macos-arm64 | 0.1.8 | 83.00 | NOTE | |||
r-oldrel-macos-x86_64 | 0.1.8 | 117.00 | NOTE | |||
r-oldrel-windows-x86_64 | 0.1.8 | 56.00 | 196.00 | 252.00 | NOTE |
Version: 0.1.8
Check: C++ specification
Result: NOTE
Specified C++11: please drop specification unless essential
Flavors: r-devel-linux-x86_64-debian-clang, r-devel-linux-x86_64-debian-gcc, r-devel-linux-x86_64-fedora-clang, r-devel-linux-x86_64-fedora-gcc, r-devel-windows-x86_64, r-patched-linux-x86_64, r-release-linux-x86_64, r-release-macos-arm64, r-release-macos-x86_64, r-release-windows-x86_64, r-oldrel-macos-arm64, r-oldrel-macos-x86_64, r-oldrel-windows-x86_64
Version: 0.1.8
Check: dependencies in R code
Result: NOTE
Namespace in Imports field not imported from: ‘qpdf’
All declared Imports should be used.
Flavors: r-devel-linux-x86_64-fedora-clang, r-devel-linux-x86_64-fedora-gcc
Version: 0.1.8
Check: installed package size
Result: NOTE
installed size is 20.4Mb
sub-directories of 1Mb or more:
libs 19.7Mb
Flavors: r-release-macos-arm64, r-release-macos-x86_64, r-oldrel-macos-arm64, r-oldrel-macos-x86_64