Last updated on 2024-06-27 16:49:05 CEST.
Flavor | Version | Tinstall | Tcheck | Ttotal | Status | Flags |
---|---|---|---|---|---|---|
r-devel-linux-x86_64-debian-clang | 0.2.0 | NOTE | ||||
r-devel-linux-x86_64-debian-gcc | 0.2.0 | 5.83 | 55.03 | 60.86 | NOTE | |
r-devel-linux-x86_64-fedora-clang | 0.2.1 | 109.36 | NOTE | |||
r-devel-linux-x86_64-fedora-gcc | 0.2.1 | 118.46 | OK | |||
r-devel-windows-x86_64 | 0.2.0 | 10.00 | 87.00 | 97.00 | NOTE | |
r-patched-linux-x86_64 | 0.2.0 | 7.62 | 70.49 | 78.11 | NOTE | |
r-release-linux-x86_64 | 0.2.0 | 8.58 | 68.92 | 77.50 | NOTE | |
r-release-macos-arm64 | 0.2.1 | 50.00 | OK | |||
r-release-macos-x86_64 | 0.2.1 | 109.00 | OK | |||
r-release-windows-x86_64 | 0.2.0 | 12.00 | 89.00 | 101.00 | NOTE | |
r-oldrel-macos-arm64 | 0.2.1 | 52.00 | ERROR | |||
r-oldrel-macos-x86_64 | 0.2.1 | 89.00 | ERROR | |||
r-oldrel-windows-x86_64 | 0.2.0 | 11.00 | 99.00 | 110.00 | NOTE |
Version: 0.2.0
Check: Rd files
Result: NOTE
checkRd: (-1) adminlte_color.Rd:64: Lost braces; missing escapes or markup?
64 | defaults colors in {shinydashboard}.
| ^
checkRd: (-1) adminlte_global.Rd:21: Lost braces; missing escapes or markup?
21 | global settings in {shinydashboard}.
| ^
checkRd: (-1) adminlte_sidebar.Rd:61: Lost braces; missing escapes or markup?
61 | the sidebar in {shinydashboard}.
| ^
checkRd: (-1) search_vars_adminlte2.Rd:15: Lost braces in \itemize; \value handles \item{}{} directly
checkRd: (-1) search_vars_adminlte2.Rd:16: Lost braces in \itemize; \value handles \item{}{} directly
checkRd: (-1) search_vars_bs.Rd:22: Lost braces in \itemize; \value handles \item{}{} directly
checkRd: (-1) search_vars_bs.Rd:23: Lost braces in \itemize; \value handles \item{}{} directly
checkRd: (-1) search_vars_bs4dash.Rd:17: Lost braces in \itemize; \value handles \item{}{} directly
checkRd: (-1) search_vars_bs4dash.Rd:18: Lost braces in \itemize; \value handles \item{}{} directly
checkRd: (-1) search_vars_bs4dash.Rd:19: Lost braces in \itemize; \value handles \item{}{} directly
Flavors: r-devel-linux-x86_64-debian-clang, r-devel-linux-x86_64-debian-gcc, r-devel-windows-x86_64, r-patched-linux-x86_64, r-release-linux-x86_64, r-release-windows-x86_64
Version: 0.2.0
Check: LazyData
Result: NOTE
'LazyData' is specified without a 'data' directory
Flavors: r-devel-linux-x86_64-debian-clang, r-devel-linux-x86_64-debian-gcc, r-devel-windows-x86_64, r-patched-linux-x86_64, r-release-linux-x86_64, r-release-windows-x86_64, r-oldrel-windows-x86_64
Version: 0.2.1
Check: installed package size
Result: NOTE
installed size is 5.1Mb
sub-directories of 1Mb or more:
assets 2.9Mb
doc 1.5Mb
Flavor: r-devel-linux-x86_64-fedora-clang
Version: 0.2.1
Check: running R code from vignettes
Result: ERROR
Errors in running code in vignettes:
when running code in ‘fresh.Rmd’
...
> mytheme <- create_theme(theme = "default", bs_vars_navbar(default_bg = "#75b8d1",
+ default_color = "#FFFFFF", default_link_color = "#FFFFFF", .... [TRUNCATED]
> navbarPage(title = "Custom navbar", header = tagList(use_theme(mytheme)),
+ tabPanel("Tab 1"), tabPanel("Tab 2"))
When sourcing ‘fresh.R’:
Error: could not find function "navbarPage"
Execution halted
‘fresh.Rmd’ using ‘UTF-8’... failed
‘vars-bs4dash.Rmd’ using ‘UTF-8’... [1s/1s] OK
‘vars-shiny.Rmd’ using ‘UTF-8’... [1s/1s] OK
‘vars-shinydashboard.Rmd’ using ‘UTF-8’... [0s/1s] OK
Flavor: r-oldrel-macos-arm64
Version: 0.2.1
Check: running R code from vignettes
Result: ERROR
Errors in running code in vignettes:
when running code in ‘fresh.Rmd’
...
> mytheme <- create_theme(theme = "default", bs_vars_navbar(default_bg = "#75b8d1",
+ default_color = "#FFFFFF", default_link_color = "#FFFFFF", .... [TRUNCATED]
> navbarPage(title = "Custom navbar", header = tagList(use_theme(mytheme)),
+ tabPanel("Tab 1"), tabPanel("Tab 2"))
When sourcing ‘fresh.R’:
Error: could not find function "navbarPage"
Execution halted
‘fresh.Rmd’ using ‘UTF-8’... failed
‘vars-bs4dash.Rmd’ using ‘UTF-8’... [1s/1s] OK
‘vars-shiny.Rmd’ using ‘UTF-8’... [1s/1s] OK
‘vars-shinydashboard.Rmd’ using ‘UTF-8’... [1s/1s] OK
Flavor: r-oldrel-macos-x86_64