Last updated on 2024-07-13 11:49:13 CEST.
Flavor | Version | Tinstall | Tcheck | Ttotal | Status | Flags |
---|---|---|---|---|---|---|
r-devel-linux-x86_64-debian-clang | 1.1-1 | 34.13 | 246.74 | 280.87 | NOTE | |
r-devel-linux-x86_64-debian-gcc | 1.1-1 | 23.39 | 176.11 | 199.50 | NOTE | |
r-devel-linux-x86_64-fedora-clang | 1.1-1 | 335.14 | NOTE | |||
r-devel-linux-x86_64-fedora-gcc | 1.1-1 | 336.29 | NOTE | |||
r-devel-windows-x86_64 | 1.1-1 | 26.00 | 207.00 | 233.00 | NOTE | |
r-patched-linux-x86_64 | 1.1-1 | 30.10 | 223.45 | 253.55 | NOTE | |
r-release-linux-x86_64 | 1.1-1 | 29.07 | 216.56 | 245.63 | NOTE | |
r-release-macos-arm64 | 1.1-1 | 84.00 | NOTE | |||
r-release-macos-x86_64 | 1.1-1 | 138.00 | NOTE | |||
r-release-windows-x86_64 | 1.1-1 | 26.00 | 200.00 | 226.00 | NOTE | |
r-oldrel-macos-arm64 | 1.1-1 | 102.00 | OK | |||
r-oldrel-macos-x86_64 | 1.1-1 | 172.00 | OK | |||
r-oldrel-windows-x86_64 | 1.1-1 | 34.00 | 261.00 | 295.00 | OK |
Version: 1.1-1
Check: Rd files
Result: NOTE
checkRd: (-1) grade.Rd:57: Lost braces
57 | \code{freealg} object comprising terms of grade code{n}.
| ^
Flavors: r-devel-linux-x86_64-debian-clang, r-devel-linux-x86_64-debian-gcc, r-devel-linux-x86_64-fedora-clang, r-devel-linux-x86_64-fedora-gcc, r-devel-windows-x86_64, r-patched-linux-x86_64, r-release-linux-x86_64, r-release-macos-arm64, r-release-macos-x86_64, r-release-windows-x86_64