Last updated on 2024-06-27 16:49:05 CEST.
Flavor | Version | Tinstall | Tcheck | Ttotal | Status | Flags |
---|---|---|---|---|---|---|
r-devel-linux-x86_64-debian-clang | 2.5 | OK | ||||
r-devel-linux-x86_64-debian-gcc | 2.5 | 5.35 | 64.52 | 69.87 | OK | |
r-devel-linux-x86_64-fedora-clang | 2.5 | 124.24 | OK | |||
r-devel-linux-x86_64-fedora-gcc | 2.5 | 110.79 | OK | |||
r-devel-windows-x86_64 | 2.5 | 9.00 | 88.00 | 97.00 | OK | |
r-patched-linux-x86_64 | 2.5 | 8.13 | 82.99 | 91.12 | OK | |
r-release-linux-x86_64 | 2.5 | 6.16 | 80.66 | 86.82 | OK | |
r-release-macos-arm64 | 2.5 | 33.00 | OK | |||
r-release-macos-x86_64 | 2.5 | 55.00 | OK | |||
r-release-windows-x86_64 | 2.5 | 9.00 | 89.00 | 98.00 | OK | |
r-oldrel-macos-arm64 | 2.5 | 39.00 | OK | |||
r-oldrel-macos-x86_64 | 2.5 | 56.00 | NOTE | |||
r-oldrel-windows-x86_64 | 2.5 | 12.00 | 104.00 | 116.00 | OK |
Version: 2.5
Check: package dependencies
Result: NOTE
Package suggested but not available for checking: ‘Mcomp’
Flavor: r-oldrel-macos-x86_64