Last updated on 2024-07-13 11:49:13 CEST.
Flavor | Version | Tinstall | Tcheck | Ttotal | Status | Flags |
---|---|---|---|---|---|---|
r-devel-linux-x86_64-debian-clang | 2.2-12 | 18.43 | 162.85 | 181.28 | OK | |
r-devel-linux-x86_64-debian-gcc | 2.2-12 | 15.22 | 120.89 | 136.11 | OK | |
r-devel-linux-x86_64-fedora-clang | 2.2-12 | 230.21 | OK | |||
r-devel-linux-x86_64-fedora-gcc | 2.2-12 | 207.83 | OK | |||
r-devel-windows-x86_64 | 2.2-12 | 16.00 | 152.00 | 168.00 | NOTE | |
r-patched-linux-x86_64 | 2.2-12 | 23.02 | 157.79 | 180.81 | OK | |
r-release-linux-x86_64 | 2.2-12 | 20.59 | 152.98 | 173.57 | OK | |
r-release-macos-arm64 | 2.2-12 | 62.00 | OK | |||
r-release-macos-x86_64 | 2.2-12 | 92.00 | OK | |||
r-release-windows-x86_64 | 2.2-12 | 17.00 | 157.00 | 174.00 | OK | |
r-oldrel-macos-arm64 | 2.2-12 | 65.00 | OK | |||
r-oldrel-macos-x86_64 | 2.2-12 | 143.00 | OK | |||
r-oldrel-windows-x86_64 | 2.2-12 | 21.00 | 185.00 | 206.00 | OK |
Version: 2.2-12
Check: Rd cross-references
Result: NOTE
Found the following Rd file(s) with Rd \link{} targets missing package
anchors:
ancoord.Rd: cov.rob
awcoord.Rd: cov.rob
clustatsum.Rd: silhouette
cluster.stats.Rd: silhouette
cqcluster.stats.Rd: silhouette
fixmahal.Rd: cov.rob
kmeansCBI.Rd: isoMDS, sammon, pam
mahalanofix.Rd: cov.rob
mvdcoord.Rd: cov.rob
ncoord.Rd: cov.rob
valstat.object.Rd: silhouette
Please provide package anchors for all Rd \link{} targets not in the
package itself and the base packages.
Flavor: r-devel-windows-x86_64