Last updated on 2024-06-27 10:49:31 CEST.
Flavor | Version | Tinstall | Tcheck | Ttotal | Status | Flags |
---|---|---|---|---|---|---|
r-devel-linux-x86_64-debian-clang | 0.3-0.1 | NOTE | ||||
r-devel-linux-x86_64-debian-gcc | 0.3-0.1 | 5.18 | 43.22 | 48.40 | NOTE | |
r-devel-linux-x86_64-fedora-clang | 0.3-0.1 | 85.82 | NOTE | |||
r-devel-linux-x86_64-fedora-gcc | 0.3-0.1 | 74.38 | NOTE | |||
r-devel-windows-x86_64 | 0.3-0.1 | 6.00 | 65.00 | 71.00 | OK | |
r-patched-linux-x86_64 | 0.3-0.1 | 9.18 | 54.39 | 63.57 | NOTE | |
r-release-linux-x86_64 | 0.3-0.1 | 5.06 | 55.44 | 60.50 | NOTE | |
r-release-macos-arm64 | 0.3-0.1 | 24.00 | OK | |||
r-release-macos-x86_64 | 0.3-0.1 | 37.00 | OK | |||
r-release-windows-x86_64 | 0.3-0.1 | 6.00 | 66.00 | 72.00 | OK | |
r-oldrel-macos-arm64 | 0.3-0.1 | 25.00 | OK | |||
r-oldrel-macos-x86_64 | 0.3-0.1 | 38.00 | OK | |||
r-oldrel-windows-x86_64 | 0.3-0.1 | 7.00 | 74.00 | 81.00 | OK |
Version: 0.3-0.1
Check: for non-standard things in the check directory
Result: NOTE
Found the following files/directories:
‘flux.CH4.txt’
Flavors: r-devel-linux-x86_64-debian-clang, r-devel-linux-x86_64-debian-gcc, r-devel-linux-x86_64-fedora-clang, r-devel-linux-x86_64-fedora-gcc, r-patched-linux-x86_64, r-release-linux-x86_64
Version: 0.3-0.1
Check: Rd cross-references
Result: NOTE
Undeclared package ‘HMR’ in Rd xrefs
Flavor: r-devel-linux-x86_64-fedora-clang