Last updated on 2024-06-21 09:55:44 CEST.
Flavor | Version | Tinstall | Tcheck | Ttotal | Status | Flags |
---|---|---|---|---|---|---|
r-devel-linux-x86_64-debian-clang | 1.2.0 | 3.13 | 48.58 | 51.71 | OK | |
r-devel-linux-x86_64-debian-gcc | 1.2.0 | 2.30 | 35.66 | 37.96 | OK | |
r-devel-linux-x86_64-fedora-clang | 1.2.0 | 65.12 | NOTE | |||
r-devel-linux-x86_64-fedora-gcc | 1.2.0 | 61.02 | OK | |||
r-devel-windows-x86_64 | 1.2.0 | 4.00 | 51.00 | 55.00 | OK | |
r-patched-linux-x86_64 | 1.2.0 | 2.12 | 47.08 | 49.20 | OK | |
r-release-linux-x86_64 | 1.2.0 | 2.56 | 47.93 | 50.49 | OK | |
r-release-macos-arm64 | 1.2.0 | 21.00 | OK | |||
r-release-macos-x86_64 | 1.2.0 | 32.00 | OK | |||
r-release-windows-x86_64 | 1.2.0 | 3.00 | 54.00 | 57.00 | OK | |
r-oldrel-macos-arm64 | 1.2.0 | 23.00 | OK | |||
r-oldrel-macos-x86_64 | 1.2.0 | 32.00 | OK | |||
r-oldrel-windows-x86_64 | 1.2.0 | 3.00 | 59.00 | 62.00 | OK |
Version: 1.2.0
Check: Rd cross-references
Result: NOTE
Undeclared package ‘flip’ in Rd xrefs
Flavor: r-devel-linux-x86_64-fedora-clang