Last updated on 2024-06-21 09:55:44 CEST.
Flavor | Version | Tinstall | Tcheck | Ttotal | Status | Flags |
---|---|---|---|---|---|---|
r-devel-linux-x86_64-debian-clang | 0.9 | 110.29 | 75.14 | 185.43 | OK | |
r-devel-linux-x86_64-debian-gcc | 0.9 | 76.35 | 54.36 | 130.71 | OK | |
r-devel-linux-x86_64-fedora-clang | 0.9 | 244.39 | OK | |||
r-devel-linux-x86_64-fedora-gcc | 0.9 | 257.60 | OK | |||
r-devel-windows-x86_64 | 0.9 | 76.00 | 94.00 | 170.00 | OK | |
r-patched-linux-x86_64 | 0.9 | 83.58 | 69.88 | 153.46 | OK | |
r-release-linux-x86_64 | 0.9 | 94.29 | 71.47 | 165.76 | OK | |
r-release-macos-arm64 | 0.9 | 53.00 | NOTE | |||
r-release-macos-x86_64 | 0.9 | 73.00 | NOTE | |||
r-release-windows-x86_64 | 0.9 | 76.00 | 95.00 | 171.00 | OK | |
r-oldrel-macos-arm64 | 0.9 | 63.00 | NOTE | |||
r-oldrel-macos-x86_64 | 0.9 | 110.00 | NOTE | |||
r-oldrel-windows-x86_64 | 0.9 | 93.00 | 110.00 | 203.00 | OK |
Version: 0.9
Check: installed package size
Result: NOTE
installed size is 7.3Mb
sub-directories of 1Mb or more:
libs 7.0Mb
Flavors: r-release-macos-arm64, r-release-macos-x86_64, r-oldrel-macos-arm64, r-oldrel-macos-x86_64