Last updated on 2024-06-27 16:49:04 CEST.
Flavor | Version | Tinstall | Tcheck | Ttotal | Status | Flags |
---|---|---|---|---|---|---|
r-devel-linux-x86_64-debian-clang | 0.6.2 | OK | ||||
r-devel-linux-x86_64-debian-gcc | 0.6.2 | 5.17 | 70.04 | 75.21 | OK | |
r-devel-linux-x86_64-fedora-clang | 0.6.2 | 137.24 | NOTE | |||
r-devel-linux-x86_64-fedora-gcc | 0.6.2 | 134.95 | NOTE | |||
r-devel-windows-x86_64 | 0.6.2 | 7.00 | 92.00 | 99.00 | OK | |
r-patched-linux-x86_64 | 0.6.2 | 6.11 | 89.09 | 95.20 | OK | |
r-release-linux-x86_64 | 0.6.2 | 5.88 | 89.08 | 94.96 | OK | |
r-release-macos-arm64 | 0.6.2 | 42.00 | OK | |||
r-release-macos-x86_64 | 0.6.2 | 76.00 | OK | |||
r-release-windows-x86_64 | 0.6.2 | 8.00 | 133.00 | 141.00 | OK | |
r-oldrel-macos-arm64 | 0.6.2 | 50.00 | OK | |||
r-oldrel-macos-x86_64 | 0.6.2 | 70.00 | OK | |||
r-oldrel-windows-x86_64 | 0.6.2 | 10.00 | 103.00 | 113.00 | OK |
Version: 0.6.2
Check: dependencies in R code
Result: NOTE
Namespace in Imports field not imported from: ‘rstudioapi’
All declared Imports should be used.
Flavors: r-devel-linux-x86_64-fedora-clang, r-devel-linux-x86_64-fedora-gcc