Last updated on 2024-06-27 16:49:04 CEST.
Flavor | Version | Tinstall | Tcheck | Ttotal | Status | Flags |
---|---|---|---|---|---|---|
r-devel-linux-x86_64-debian-clang | 1.0.7 | OK | ||||
r-devel-linux-x86_64-debian-gcc | 1.0.7 | 15.93 | 353.10 | 369.03 | OK | |
r-devel-linux-x86_64-fedora-clang | 1.0.7 | 657.30 | NOTE | |||
r-devel-linux-x86_64-fedora-gcc | 1.0.7 | 609.66 | NOTE | |||
r-devel-windows-x86_64 | 1.0.7 | 17.00 | 369.00 | 386.00 | NOTE | |
r-patched-linux-x86_64 | 1.0.7 | 26.90 | 461.21 | 488.11 | OK | |
r-release-linux-x86_64 | 1.0.7 | 16.98 | 460.64 | 477.62 | OK | |
r-release-macos-arm64 | 1.0.7 | 200.00 | NOTE | |||
r-release-macos-x86_64 | 1.0.7 | 290.00 | NOTE | |||
r-release-windows-x86_64 | 1.0.7 | 19.00 | 371.00 | 390.00 | NOTE | |
r-oldrel-macos-arm64 | 1.0.7 | 162.00 | NOTE | |||
r-oldrel-macos-x86_64 | 1.0.7 | 254.00 | NOTE | |||
r-oldrel-windows-x86_64 | 1.0.7 | 24.00 | 463.00 | 487.00 | NOTE |
Version: 1.0.7
Check: installed package size
Result: NOTE
installed size is 5.6Mb
sub-directories of 1Mb or more:
doc 5.0Mb
Flavors: r-devel-linux-x86_64-fedora-clang, r-devel-windows-x86_64, r-release-macos-arm64, r-release-macos-x86_64, r-release-windows-x86_64, r-oldrel-macos-arm64, r-oldrel-macos-x86_64, r-oldrel-windows-x86_64
Version: 1.0.7
Check: dependencies in R code
Result: NOTE
Namespace in Imports field not imported from: ‘tidyselect’
All declared Imports should be used.
Flavors: r-devel-linux-x86_64-fedora-clang, r-devel-linux-x86_64-fedora-gcc