Last updated on 2024-06-27 16:49:04 CEST.
Flavor | Version | Tinstall | Tcheck | Ttotal | Status | Flags |
---|---|---|---|---|---|---|
r-devel-linux-x86_64-debian-clang | 1.4 | OK | ||||
r-devel-linux-x86_64-debian-gcc | 1.4 | 8.90 | 80.11 | 89.01 | OK | |
r-devel-linux-x86_64-fedora-clang | 1.4 | 162.90 | OK | |||
r-devel-linux-x86_64-fedora-gcc | 1.4 | 147.08 | OK | |||
r-devel-windows-x86_64 | 1.4 | 8.00 | 5.00 | 13.00 | ERROR | |
r-patched-linux-x86_64 | 1.4 | 9.89 | 103.94 | 113.83 | OK | |
r-release-linux-x86_64 | 1.4 | 12.31 | 103.77 | 116.08 | OK | |
r-release-macos-arm64 | 1.4 | 38.00 | OK | |||
r-release-macos-x86_64 | 1.4 | 67.00 | OK | |||
r-release-windows-x86_64 | 1.4 | 12.00 | 90.00 | 102.00 | OK | |
r-oldrel-macos-arm64 | 1.4 | 46.00 | OK | |||
r-oldrel-macos-x86_64 | 1.4 | 78.00 | OK | |||
r-oldrel-windows-x86_64 | 1.4 | 16.00 | 109.00 | 125.00 | OK |
Version: 1.4
Check: whether package can be installed
Result: ERROR
Installation failed.
Flavor: r-devel-windows-x86_64