Last updated on 2024-06-27 16:49:04 CEST.
Flavor | Version | Tinstall | Tcheck | Ttotal | Status | Flags |
---|---|---|---|---|---|---|
r-devel-linux-x86_64-debian-clang | 0.5-2 | NOTE | ||||
r-devel-linux-x86_64-debian-gcc | 0.5-2 | 25.86 | 91.34 | 117.20 | NOTE | |
r-devel-linux-x86_64-fedora-clang | 1.0-1 | 664.31 | OK | |||
r-devel-linux-x86_64-fedora-gcc | 1.0-1 | 651.09 | OK | |||
r-devel-windows-x86_64 | 0.5-2 | 29.00 | 128.00 | 157.00 | NOTE | |
r-patched-linux-x86_64 | 0.5-2 | 29.87 | 114.41 | 144.28 | NOTE | |
r-release-linux-x86_64 | 0.5-2 | 30.14 | 114.70 | 144.84 | NOTE | |
r-release-macos-arm64 | 1.0-1 | 171.00 | NOTE | |||
r-release-macos-x86_64 | 1.0-1 | 291.00 | NOTE | |||
r-release-windows-x86_64 | 0.5-2 | 29.00 | 135.00 | 164.00 | NOTE | |
r-oldrel-macos-arm64 | 1.0-1 | 159.00 | ERROR | |||
r-oldrel-macos-x86_64 | 1.0-1 | 296.00 | ERROR | |||
r-oldrel-windows-x86_64 | 0.5-2 | 28.00 | 164.00 | 192.00 | NOTE |
Version: 0.5-2
Check: C++ specification
Result: NOTE
Specified C++11: please drop specification unless essential
Flavors: r-devel-linux-x86_64-debian-clang, r-devel-linux-x86_64-debian-gcc, r-devel-windows-x86_64, r-patched-linux-x86_64, r-release-linux-x86_64, r-release-windows-x86_64, r-oldrel-windows-x86_64
Version: 1.0-1
Check: installed package size
Result: NOTE
installed size is 11.7Mb
sub-directories of 1Mb or more:
doc 1.4Mb
libs 9.5Mb
Flavors: r-release-macos-arm64, r-release-macos-x86_64, r-oldrel-macos-arm64, r-oldrel-macos-x86_64
Version: 1.0-1
Check: running R code from vignettes
Result: ERROR
Errors in running code in vignettes:
when running code in ‘benchmark.Rmd’
...
> ggplot(fit_mbm, aes(x = factor(Algorithm, levels = Names),
+ y = BmTime)) + geom_violin(trim = TRUE, alpha = 0.5, aes(color = factor(Algorithm, .... [TRUNCATED]
When sourcing ‘benchmark.R’:
Error: Problem while setting up geom aesthetics.
ℹ Error occurred in the 3rd layer.
Caused by error in `check_aesthetics()`:
! Aesthetics must be either length 1 or the same as the data (14).
✖ Fix the following mappings: `colour`.
Execution halted
‘benchmark.Rmd’ using ‘UTF-8’... failed
‘example.Rmd’ using ‘UTF-8’... [4s/4s] OK
‘math.Rmd’ using ‘UTF-8’... [0s/0s] OK
‘pfddm.Rmd’ using ‘UTF-8’... [2s/3s] OK
‘validity.Rmd’ using ‘UTF-8’... [3s/3s] OK
Flavor: r-oldrel-macos-arm64
Version: 1.0-1
Check: running R code from vignettes
Result: ERROR
Errors in running code in vignettes:
when running code in ‘benchmark.Rmd’
...
> ggplot(fit_mbm, aes(x = factor(Algorithm, levels = Names),
+ y = BmTime)) + geom_violin(trim = TRUE, alpha = 0.5, aes(color = factor(Algorithm, .... [TRUNCATED]
When sourcing ‘benchmark.R’:
Error: Problem while setting up geom aesthetics.
ℹ Error occurred in the 3rd layer.
Caused by error in `check_aesthetics()`:
! Aesthetics must be either length 1 or the same as the data (14).
✖ Fix the following mappings: `colour`.
Execution halted
‘benchmark.Rmd’ using ‘UTF-8’... failed
‘example.Rmd’ using ‘UTF-8’... [6s/13s] OK
‘math.Rmd’ using ‘UTF-8’... [0s/1s] OK
‘pfddm.Rmd’ using ‘UTF-8’... [4s/9s] OK
‘validity.Rmd’ using ‘UTF-8’... [5s/12s] OK
Flavor: r-oldrel-macos-x86_64