Last updated on 2024-06-27 16:49:04 CEST.
Flavor | Version | Tinstall | Tcheck | Ttotal | Status | Flags |
---|---|---|---|---|---|---|
r-devel-linux-x86_64-debian-clang | 0.1.2 | NOTE | ||||
r-devel-linux-x86_64-debian-gcc | 0.1.2 | 3.46 | 39.09 | 42.55 | NOTE | |
r-devel-linux-x86_64-fedora-clang | 0.1.2 | 73.52 | NOTE | |||
r-devel-linux-x86_64-fedora-gcc | 0.1.2 | 70.96 | NOTE | |||
r-devel-windows-x86_64 | 0.1.2 | 5.00 | 62.00 | 67.00 | NOTE | |
r-patched-linux-x86_64 | 0.1.2 | 2.76 | 52.86 | 55.62 | NOTE | |
r-release-linux-x86_64 | 0.1.2 | 2.70 | 52.04 | 54.74 | NOTE | |
r-release-macos-arm64 | 0.1.2 | 23.00 | NOTE | |||
r-release-macos-x86_64 | 0.1.2 | 36.00 | NOTE | |||
r-release-windows-x86_64 | 0.1.2 | 5.00 | 63.00 | 68.00 | NOTE | |
r-oldrel-macos-arm64 | 0.1.2 | 25.00 | NOTE | |||
r-oldrel-macos-x86_64 | 0.1.2 | 59.00 | NOTE | |||
r-oldrel-windows-x86_64 | 0.1.2 | 6.00 | 76.00 | 82.00 | NOTE |
Version: 0.1.2
Check: dependencies in R code
Result: NOTE
Unexported object imported by a ':::' call: ‘fdapace:::interp2lin’
See the note in ?`:::` about the use of this operator.
Flavors: r-devel-linux-x86_64-debian-clang, r-devel-linux-x86_64-debian-gcc, r-devel-linux-x86_64-fedora-clang, r-devel-linux-x86_64-fedora-gcc, r-devel-windows-x86_64, r-patched-linux-x86_64, r-release-linux-x86_64, r-release-macos-arm64, r-release-macos-x86_64, r-release-windows-x86_64, r-oldrel-macos-arm64, r-oldrel-macos-x86_64, r-oldrel-windows-x86_64