Last updated on 2024-06-21 15:52:51 CEST.
Flavor | Version | Tinstall | Tcheck | Ttotal | Status | Flags |
---|---|---|---|---|---|---|
r-devel-linux-x86_64-debian-clang | 0.1.21 | 3.64 | 44.74 | 48.38 | NOTE | |
r-devel-linux-x86_64-debian-gcc | 0.1.21 | 3.11 | 34.00 | 37.11 | NOTE | |
r-devel-linux-x86_64-fedora-clang | 0.1.21 | 65.51 | NOTE | |||
r-devel-linux-x86_64-fedora-gcc | 0.1.21 | 103.25 | NOTE | |||
r-devel-windows-x86_64 | 0.1.21 | 4.00 | 56.00 | 60.00 | NOTE | |
r-patched-linux-x86_64 | 0.1.21 | 4.56 | 43.37 | 47.93 | NOTE | |
r-release-linux-x86_64 | 0.1.21 | 4.50 | 42.76 | 47.26 | NOTE | |
r-release-macos-arm64 | 0.1.21 | 42.00 | NOTE | |||
r-release-macos-x86_64 | 0.1.21 | 66.00 | NOTE | |||
r-release-windows-x86_64 | 0.1.21 | 6.00 | 64.00 | 70.00 | NOTE | |
r-oldrel-macos-arm64 | 0.1.21 | 40.00 | NOTE | |||
r-oldrel-macos-x86_64 | 0.1.21 | 65.00 | NOTE | |||
r-oldrel-windows-x86_64 | 0.1.21 | 6.00 | 58.00 | 64.00 | NOTE |
Version: 0.1.21
Check: LazyData
Result: NOTE
'LazyData' is specified without a 'data' directory
Flavors: r-devel-linux-x86_64-debian-clang, r-devel-linux-x86_64-debian-gcc, r-devel-linux-x86_64-fedora-clang, r-devel-linux-x86_64-fedora-gcc, r-devel-windows-x86_64, r-patched-linux-x86_64, r-release-linux-x86_64, r-release-macos-arm64, r-release-macos-x86_64, r-release-windows-x86_64, r-oldrel-macos-arm64, r-oldrel-macos-x86_64, r-oldrel-windows-x86_64
Version: 0.1.21
Check: for non-standard things in the check directory
Result: NOTE
Found the following files/directories:
‘.Rprofile’
Flavors: r-devel-linux-x86_64-debian-clang, r-devel-linux-x86_64-debian-gcc, r-devel-linux-x86_64-fedora-clang, r-devel-linux-x86_64-fedora-gcc, r-patched-linux-x86_64, r-release-linux-x86_64