Last updated on 2024-06-27 16:49:04 CEST.
Flavor | Version | Tinstall | Tcheck | Ttotal | Status | Flags |
---|---|---|---|---|---|---|
r-devel-linux-x86_64-debian-clang | 0.1.3 | NOTE | ||||
r-devel-linux-x86_64-debian-gcc | 0.1.3 | 4.95 | 46.66 | 51.61 | NOTE | |
r-devel-linux-x86_64-fedora-clang | 0.1.3 | 89.50 | NOTE | |||
r-devel-linux-x86_64-fedora-gcc | 0.1.3 | 95.37 | NOTE | |||
r-devel-windows-x86_64 | 0.1.3 | 7.00 | 63.00 | 70.00 | NOTE | |
r-patched-linux-x86_64 | 0.1.3 | 4.40 | 57.68 | 62.08 | NOTE | |
r-release-linux-x86_64 | 0.1.3 | 4.51 | 58.62 | 63.13 | NOTE | |
r-release-macos-arm64 | 0.1.3 | 32.00 | NOTE | |||
r-release-macos-x86_64 | 0.1.3 | 70.00 | NOTE | |||
r-release-windows-x86_64 | 0.1.3 | 6.00 | 65.00 | 71.00 | NOTE | |
r-oldrel-macos-arm64 | 0.1.3 | 32.00 | NOTE | |||
r-oldrel-macos-x86_64 | 0.1.3 | 50.00 | NOTE | |||
r-oldrel-windows-x86_64 | 0.1.3 | 8.00 | 73.00 | 81.00 | NOTE |
Version: 0.1.3
Check: LazyData
Result: NOTE
'LazyData' is specified without a 'data' directory
Flavors: r-devel-linux-x86_64-debian-clang, r-devel-linux-x86_64-debian-gcc, r-devel-linux-x86_64-fedora-clang, r-devel-linux-x86_64-fedora-gcc, r-devel-windows-x86_64, r-patched-linux-x86_64, r-release-linux-x86_64, r-release-macos-arm64, r-release-macos-x86_64, r-release-windows-x86_64, r-oldrel-macos-arm64, r-oldrel-macos-x86_64, r-oldrel-windows-x86_64