Last updated on 2024-07-13 05:49:13 CEST.
Flavor | Version | Tinstall | Tcheck | Ttotal | Status | Flags |
---|---|---|---|---|---|---|
r-devel-linux-x86_64-debian-clang | 0.3.2 | 13.37 | 161.66 | 175.03 | OK | |
r-devel-linux-x86_64-debian-gcc | 0.3.2 | 10.37 | 113.80 | 124.17 | OK | |
r-devel-linux-x86_64-fedora-clang | 0.3.2 | 213.25 | OK | |||
r-devel-linux-x86_64-fedora-gcc | 0.3.2 | 206.49 | OK | |||
r-devel-windows-x86_64 | 0.3.2 | 11.00 | 128.00 | 139.00 | NOTE | |
r-patched-linux-x86_64 | 0.3.2 | 13.19 | 150.23 | 163.42 | OK | |
r-release-linux-x86_64 | 0.3.2 | 8.15 | 154.15 | 162.30 | OK | |
r-release-macos-arm64 | 0.3.2 | 55.00 | OK | |||
r-release-macos-x86_64 | 0.3.2 | 103.00 | OK | |||
r-release-windows-x86_64 | 0.3.2 | 11.00 | 129.00 | 140.00 | OK | |
r-oldrel-macos-arm64 | 0.3.2 | 59.00 | OK | |||
r-oldrel-macos-x86_64 | 0.3.2 | 110.00 | OK | |||
r-oldrel-windows-x86_64 | 0.3.2 | 15.00 | 158.00 | 173.00 | OK |
Version: 0.3.2
Check: Rd cross-references
Result: NOTE
Found the following Rd file(s) with Rd \link{} targets missing package
anchors:
directed_erdos_renyi.Rd: Matrix
directed_factor_model.Rd: Matrix
erdos_renyi.Rd: Matrix
undirected_factor_model.Rd: Matrix
Please provide package anchors for all Rd \link{} targets not in the
package itself and the base packages.
Flavor: r-devel-windows-x86_64