Last updated on 2024-06-21 15:52:51 CEST.
Flavor | Version | Tinstall | Tcheck | Ttotal | Status | Flags |
---|---|---|---|---|---|---|
r-devel-linux-x86_64-debian-clang | 3.0.1 | 38.33 | 45.95 | 84.28 | NOTE | |
r-devel-linux-x86_64-debian-gcc | 3.0.1 | 31.43 | 34.80 | 66.23 | NOTE | |
r-devel-linux-x86_64-fedora-clang | 3.0.1 | 121.82 | NOTE | |||
r-devel-linux-x86_64-fedora-gcc | 3.0.1 | 109.43 | NOTE | |||
r-devel-windows-x86_64 | 3.0.1 | 33.00 | 63.00 | 96.00 | NOTE | |
r-patched-linux-x86_64 | 3.0.1 | 48.95 | 44.60 | 93.55 | NOTE | |
r-release-linux-x86_64 | 3.0.1 | 36.88 | 43.40 | 80.28 | NOTE | |
r-release-macos-arm64 | 3.0.1 | 29.00 | NOTE | |||
r-release-macos-x86_64 | 3.0.1 | 49.00 | NOTE | |||
r-release-windows-x86_64 | 3.0.1 | 33.00 | 63.00 | 96.00 | NOTE | |
r-oldrel-macos-arm64 | 3.0.1 | 33.00 | NOTE | |||
r-oldrel-macos-x86_64 | 3.0.1 | 53.00 | NOTE | |||
r-oldrel-windows-x86_64 | 3.0.1 | 43.00 | 70.00 | 113.00 | NOTE |
Version: 3.0.1
Check: LazyData
Result: NOTE
'LazyData' is specified without a 'data' directory
Flavors: r-devel-linux-x86_64-debian-clang, r-devel-linux-x86_64-debian-gcc, r-devel-linux-x86_64-fedora-clang, r-devel-linux-x86_64-fedora-gcc, r-devel-windows-x86_64, r-patched-linux-x86_64, r-release-linux-x86_64, r-release-macos-arm64, r-release-macos-x86_64, r-release-windows-x86_64, r-oldrel-macos-arm64, r-oldrel-macos-x86_64, r-oldrel-windows-x86_64
Version: 3.0.1
Check: dependencies in R code
Result: NOTE
Namespaces in Imports field not imported from:
‘R6’ ‘caTools’ ‘httr’ ‘jsonlite’ ‘rlang’
All declared Imports should be used.
Flavors: r-devel-linux-x86_64-fedora-clang, r-devel-linux-x86_64-fedora-gcc