Last updated on 2024-07-13 05:49:13 CEST.
Flavor | Version | Tinstall | Tcheck | Ttotal | Status | Flags |
---|---|---|---|---|---|---|
r-devel-linux-x86_64-debian-clang | 4023.84 | 25.23 | 192.99 | 218.22 | NOTE | |
r-devel-linux-x86_64-debian-gcc | 4023.84 | 20.26 | 138.08 | 158.34 | NOTE | |
r-devel-linux-x86_64-fedora-clang | 4023.84 | 275.84 | NOTE | |||
r-devel-linux-x86_64-fedora-gcc | 4023.84 | 262.25 | NOTE | |||
r-devel-windows-x86_64 | 4023.84 | 24.00 | 136.00 | 160.00 | OK | |
r-patched-linux-x86_64 | 4023.84 | 27.95 | 174.78 | 202.73 | NOTE | |
r-release-linux-x86_64 | 4023.84 | 26.89 | 179.82 | 206.71 | NOTE | |
r-release-macos-arm64 | 4023.84 | 63.00 | NOTE | |||
r-release-macos-x86_64 | 4023.84 | 106.00 | NOTE | |||
r-release-windows-x86_64 | 4023.84 | 26.00 | 135.00 | 161.00 | OK | |
r-oldrel-macos-arm64 | 4023.84 | 65.00 | OK | |||
r-oldrel-macos-x86_64 | 4023.84 | 149.00 | OK | |||
r-oldrel-windows-x86_64 | 4023.84 | 33.00 | 173.00 | 206.00 | OK |
Version: 4023.84
Check: package dependencies
Result: NOTE
Package suggested but not available for checking: ‘bcp’
Flavors: r-devel-linux-x86_64-debian-clang, r-devel-linux-x86_64-debian-gcc, r-devel-linux-x86_64-fedora-clang, r-devel-linux-x86_64-fedora-gcc, r-patched-linux-x86_64, r-release-linux-x86_64, r-release-macos-arm64, r-release-macos-x86_64