Last updated on 2024-06-27 10:49:30 CEST.
Flavor | Version | Tinstall | Tcheck | Ttotal | Status | Flags |
---|---|---|---|---|---|---|
r-devel-linux-x86_64-debian-clang | 0.10.0 | NOTE | ||||
r-devel-linux-x86_64-debian-gcc | 0.10.0 | 82.33 | 329.81 | 412.14 | NOTE | |
r-devel-linux-x86_64-fedora-clang | 0.10.0 | 763.73 | NOTE | |||
r-devel-linux-x86_64-fedora-gcc | 0.10.0 | 714.27 | NOTE | |||
r-devel-windows-x86_64 | 0.10.0 | 90.00 | 325.00 | 415.00 | NOTE | |
r-patched-linux-x86_64 | 0.10.0 | 104.57 | 442.06 | 546.63 | NOTE | |
r-release-linux-x86_64 | 0.10.0 | 102.98 | 433.00 | 535.98 | NOTE | |
r-release-macos-arm64 | 0.10.0 | 190.00 | NOTE | |||
r-release-macos-x86_64 | 0.10.0 | 297.00 | NOTE | |||
r-release-windows-x86_64 | 0.10.0 | 93.00 | 330.00 | 423.00 | NOTE | |
r-oldrel-macos-arm64 | 0.10.0 | 168.00 | NOTE | |||
r-oldrel-macos-x86_64 | 0.10.0 | 530.00 | NOTE | |||
r-oldrel-windows-x86_64 | 0.10.0 | 113.00 | 443.00 | 556.00 | NOTE |
Version: 0.10.0
Check: C++ specification
Result: NOTE
Specified C++14: please drop specification unless essential
Flavors: r-devel-linux-x86_64-debian-clang, r-devel-linux-x86_64-debian-gcc, r-devel-linux-x86_64-fedora-clang, r-devel-linux-x86_64-fedora-gcc, r-devel-windows-x86_64, r-patched-linux-x86_64, r-release-linux-x86_64, r-release-macos-arm64, r-release-macos-x86_64, r-release-windows-x86_64, r-oldrel-macos-arm64, r-oldrel-macos-x86_64, r-oldrel-windows-x86_64
Version: 0.10.0
Check: installed package size
Result: NOTE
installed size is 7.5Mb
sub-directories of 1Mb or more:
libs 6.6Mb
Flavors: r-release-macos-arm64, r-release-macos-x86_64, r-oldrel-macos-arm64, r-oldrel-macos-x86_64