Last updated on 2024-07-13 11:49:12 CEST.
Flavor | Version | Tinstall | Tcheck | Ttotal | Status | Flags |
---|---|---|---|---|---|---|
r-devel-linux-x86_64-debian-clang | 0.10.0 | 114.22 | 463.72 | 577.94 | NOTE | |
r-devel-linux-x86_64-debian-gcc | 0.10.0 | 83.78 | 328.06 | 411.84 | NOTE | |
r-devel-linux-x86_64-fedora-clang | 0.10.0 | 763.73 | NOTE | |||
r-devel-linux-x86_64-fedora-gcc | 0.10.0 | 744.80 | NOTE | |||
r-devel-windows-x86_64 | 0.10.0 | 91.00 | 319.00 | 410.00 | NOTE | |
r-patched-linux-x86_64 | 0.10.0 | 101.05 | 441.60 | 542.65 | NOTE | |
r-release-linux-x86_64 | 0.10.0 | 103.88 | 435.73 | 539.61 | NOTE | |
r-release-macos-arm64 | 0.10.0 | 190.00 | NOTE | |||
r-release-macos-x86_64 | 0.10.0 | 297.00 | NOTE | |||
r-release-windows-x86_64 | 0.10.0 | 91.00 | 326.00 | 417.00 | NOTE | |
r-oldrel-macos-arm64 | 0.10.0 | 168.00 | NOTE | |||
r-oldrel-macos-x86_64 | 0.10.0 | 530.00 | NOTE | |||
r-oldrel-windows-x86_64 | 0.10.0 | 116.00 | 439.00 | 555.00 | NOTE |
Version: 0.10.0
Check: C++ specification
Result: NOTE
Specified C++14: please drop specification unless essential
Flavors: r-devel-linux-x86_64-debian-clang, r-devel-linux-x86_64-debian-gcc, r-devel-linux-x86_64-fedora-clang, r-devel-linux-x86_64-fedora-gcc, r-devel-windows-x86_64, r-patched-linux-x86_64, r-release-linux-x86_64, r-release-macos-arm64, r-release-macos-x86_64, r-release-windows-x86_64, r-oldrel-macos-arm64, r-oldrel-macos-x86_64, r-oldrel-windows-x86_64
Version: 0.10.0
Check: installed package size
Result: NOTE
installed size is 7.5Mb
sub-directories of 1Mb or more:
libs 6.6Mb
Flavors: r-release-macos-arm64, r-release-macos-x86_64, r-oldrel-macos-arm64, r-oldrel-macos-x86_64