Last updated on 2024-07-13 11:49:12 CEST.
Flavor | Version | Tinstall | Tcheck | Ttotal | Status | Flags |
---|---|---|---|---|---|---|
r-devel-linux-x86_64-debian-clang | 4.0.0 | 10.06 | 101.41 | 111.47 | OK | |
r-devel-linux-x86_64-debian-gcc | 4.0.0 | 9.08 | 76.16 | 85.24 | OK | |
r-devel-linux-x86_64-fedora-clang | 4.0.0 | 150.98 | NOTE | |||
r-devel-linux-x86_64-fedora-gcc | 4.0.0 | 148.13 | NOTE | |||
r-devel-windows-x86_64 | 4.0.0 | 10.00 | 104.00 | 114.00 | OK | |
r-patched-linux-x86_64 | 4.0.0 | 13.70 | 98.03 | 111.73 | OK | |
r-release-linux-x86_64 | 4.0.0 | 7.13 | 98.61 | 105.74 | OK | |
r-release-macos-arm64 | 4.0.0 | 66.00 | OK | |||
r-release-macos-x86_64 | 4.0.0 | 98.00 | OK | |||
r-release-windows-x86_64 | 4.0.0 | 11.00 | 104.00 | 115.00 | OK | |
r-oldrel-macos-arm64 | 4.0.0 | 79.00 | OK | |||
r-oldrel-macos-x86_64 | 4.0.0 | 108.00 | OK | |||
r-oldrel-windows-x86_64 | 4.0.0 | 14.00 | 119.00 | 133.00 | OK |
Version: 4.0.0
Check: data for non-ASCII characters
Result: NOTE
Note: found 1054 marked UTF-8 strings
Flavors: r-devel-linux-x86_64-fedora-clang, r-devel-linux-x86_64-fedora-gcc