Last updated on 2024-06-27 16:49:04 CEST.
Flavor | Version | Tinstall | Tcheck | Ttotal | Status | Flags |
---|---|---|---|---|---|---|
r-devel-linux-x86_64-debian-clang | 4.1.2 | OK | ||||
r-devel-linux-x86_64-debian-gcc | 4.1.2 | 9.89 | 405.68 | 415.57 | OK | |
r-devel-linux-x86_64-fedora-clang | 4.1.2 | 738.14 | OK | |||
r-devel-linux-x86_64-fedora-gcc | 4.1.2 | 766.45 | OK | |||
r-devel-windows-x86_64 | 4.1.2 | 14.00 | 519.00 | 533.00 | OK | |
r-patched-linux-x86_64 | 4.1.2 | 19.93 | 561.07 | 581.00 | OK | |
r-release-linux-x86_64 | 4.1.2 | 11.91 | 553.01 | 564.92 | OK | |
r-release-macos-arm64 | 4.1.2 | 222.00 | OK | |||
r-release-macos-x86_64 | 4.1.2 | 604.00 | OK | |||
r-release-windows-x86_64 | 4.1.2 | 15.00 | 509.00 | 524.00 | OK | |
r-oldrel-macos-arm64 | 4.1.2 | 281.00 | ERROR | |||
r-oldrel-macos-x86_64 | 4.1.2 | 494.00 | ERROR | |||
r-oldrel-windows-x86_64 | 4.1.2 | 17.00 | 583.00 | 600.00 | OK |
Version: 4.1.2
Check: running R code from vignettes
Result: ERROR
Errors in running code in vignettes:
when running code in ‘valued.Rmd’
...
> par(mar = rep(0, 4))
> plot(zach, edge.col = zach.ecol, vertex.col = zach.vcol,
+ displaylabels = TRUE)
> summary(samplk.tot ~ sum)
When sourcing ‘valued.R’:
Error: ERGM term ‘sum’ function ‘InitErgmTerm.sum’ not found.
Execution halted
‘valued.Rmd’ using ‘UTF-8’... failed
Flavors: r-oldrel-macos-arm64, r-oldrel-macos-x86_64