Last updated on 2024-06-27 16:49:04 CEST.
Flavor | Version | Tinstall | Tcheck | Ttotal | Status | Flags |
---|---|---|---|---|---|---|
r-devel-linux-x86_64-debian-clang | 0.2.6-1.1 | OK | ||||
r-devel-linux-x86_64-debian-gcc | 0.2.6-1.1 | 6.73 | 57.52 | 64.25 | OK | |
r-devel-linux-x86_64-fedora-clang | 0.2.6-1.1 | 106.39 | OK | |||
r-devel-linux-x86_64-fedora-gcc | 0.2.6-1.1 | 102.34 | OK | |||
r-devel-windows-x86_64 | 0.2.6-1.1 | 9.00 | 69.00 | 78.00 | OK | |
r-patched-linux-x86_64 | 0.2.6-1.1 | 10.26 | 73.13 | 83.39 | OK | |
r-release-linux-x86_64 | 0.2.6-1.1 | 8.38 | 75.48 | 83.86 | OK | |
r-release-macos-arm64 | 0.2.6-1.1 | 31.00 | OK | |||
r-release-macos-x86_64 | 0.2.6-1.1 | 52.00 | OK | |||
r-release-windows-x86_64 | 0.2.6-1.1 | 9.00 | 71.00 | 80.00 | OK | |
r-oldrel-macos-arm64 | 0.2.6-1.1 | 35.00 | OK | |||
r-oldrel-macos-x86_64 | 0.2.6-1.1 | 57.00 | NOTE | |||
r-oldrel-windows-x86_64 | 0.2.6-1.1 | 10.00 | 84.00 | 94.00 | OK |
Version: 0.2.6-1.1
Check: package dependencies
Result: NOTE
Package suggested but not available for checking: ‘graph’
Flavor: r-oldrel-macos-x86_64