Last updated on 2024-07-13 11:49:12 CEST.
Flavor | Version | Tinstall | Tcheck | Ttotal | Status | Flags |
---|---|---|---|---|---|---|
r-devel-linux-x86_64-debian-clang | 0.1-0 | 88.30 | 102.28 | 190.58 | NOTE | |
r-devel-linux-x86_64-debian-gcc | 0.1-0 | 76.24 | 62.31 | 138.55 | NOTE | |
r-devel-linux-x86_64-fedora-clang | 0.1-0 | 256.14 | NOTE | |||
r-devel-linux-x86_64-fedora-gcc | 0.1-0 | 281.59 | NOTE | |||
r-devel-windows-x86_64 | 0.1-0 | 70.00 | 122.00 | 192.00 | NOTE | |
r-patched-linux-x86_64 | 0.1-0 | 91.58 | 79.29 | 170.87 | OK | |
r-release-linux-x86_64 | 0.1-0 | 87.24 | 79.87 | 167.11 | OK | |
r-release-macos-arm64 | 0.1-0 | 101.00 | NOTE | |||
r-release-macos-x86_64 | 0.1-0 | 85.00 | NOTE | |||
r-release-windows-x86_64 | 0.1-0 | 74.00 | 122.00 | 196.00 | OK | |
r-oldrel-macos-arm64 | 0.1-0 | 108.00 | NOTE | |||
r-oldrel-macos-x86_64 | 0.1-0 | 190.00 | NOTE | |||
r-oldrel-windows-x86_64 | 0.1-0 | 65.00 | 132.00 | 197.00 | OK |
Version: 0.1-0
Check: compiled code
Result: NOTE
File ‘epiworldR/libs/epiworldR.so’:
Found non-API calls to R: ‘SETLENGTH’, ‘SET_GROWABLE_BIT’,
‘SET_TRUELENGTH’
Compiled code should not call non-API entry points in R.
See ‘Writing portable packages’ in the ‘Writing R Extensions’ manual,
and section ‘Moving into C API compliance’ for issues with the use of
non-API entry points.
Flavors: r-devel-linux-x86_64-debian-clang, r-devel-linux-x86_64-debian-gcc, r-devel-linux-x86_64-fedora-clang, r-devel-linux-x86_64-fedora-gcc
Version: 0.1-0
Check: compiled code
Result: NOTE
File 'epiworldR/libs/x64/epiworldR.dll':
Found non-API calls to R: 'SETLENGTH', 'SET_GROWABLE_BIT',
'SET_TRUELENGTH'
Compiled code should not call non-API entry points in R.
See 'Writing portable packages' in the 'Writing R Extensions' manual,
and section 'Moving into C API compliance' for issues with the use of
non-API entry points.
Flavor: r-devel-windows-x86_64
Version: 0.1-0
Check: installed package size
Result: NOTE
installed size is 13.2Mb
sub-directories of 1Mb or more:
libs 11.5Mb
Flavors: r-release-macos-arm64, r-release-macos-x86_64, r-oldrel-macos-arm64, r-oldrel-macos-x86_64