Last updated on 2024-07-13 05:49:12 CEST.
Flavor | Version | Tinstall | Tcheck | Ttotal | Status | Flags |
---|---|---|---|---|---|---|
r-devel-linux-x86_64-debian-clang | 3.5.0.2 | 19.67 | 135.36 | 155.03 | NOTE | |
r-devel-linux-x86_64-debian-gcc | 3.5.0.2 | 13.47 | 97.92 | 111.39 | NOTE | |
r-devel-linux-x86_64-fedora-clang | 3.5.0.2 | 190.59 | NOTE | |||
r-devel-linux-x86_64-fedora-gcc | 3.5.0.2 | 177.03 | NOTE | |||
r-devel-windows-x86_64 | 3.5.0.2 | 16.00 | 128.00 | 144.00 | NOTE | |
r-patched-linux-x86_64 | 3.5.0.2 | 18.13 | 128.52 | 146.65 | NOTE | |
r-release-linux-x86_64 | 3.5.0.2 | 16.47 | 127.23 | 143.70 | NOTE | |
r-release-macos-arm64 | 3.5.0.2 | 50.00 | NOTE | |||
r-release-macos-x86_64 | 3.5.0.2 | 76.00 | NOTE | |||
r-release-windows-x86_64 | 3.5.0.2 | 16.00 | 126.00 | 142.00 | NOTE | |
r-oldrel-macos-arm64 | 3.5.0.2 | 53.00 | NOTE | |||
r-oldrel-macos-x86_64 | 3.5.0.2 | 91.00 | NOTE | |||
r-oldrel-windows-x86_64 | 3.5.0.2 | 20.00 | 152.00 | 172.00 | NOTE |
Version: 3.5.0.2
Check: Rd files
Result: NOTE
checkRd: (-1) risk.display.rd:98: Escaped LaTeX specials: \$
Flavors: r-devel-linux-x86_64-debian-clang, r-devel-linux-x86_64-debian-gcc, r-devel-linux-x86_64-fedora-clang, r-devel-linux-x86_64-fedora-gcc, r-devel-windows-x86_64, r-patched-linux-x86_64, r-release-linux-x86_64, r-release-macos-arm64, r-release-macos-x86_64, r-release-windows-x86_64, r-oldrel-macos-arm64, r-oldrel-macos-x86_64, r-oldrel-windows-x86_64